Last updated on 2024-06-29 06:49:42 CEST.
Flavor | Version | Tinstall | Tcheck | Ttotal | Status | Flags |
---|---|---|---|---|---|---|
r-devel-linux-x86_64-debian-clang | 0.1.3 | 6.75 | 53.73 | 60.48 | OK | |
r-devel-linux-x86_64-debian-gcc | 0.1.3 | 4.84 | 40.60 | 45.44 | OK | |
r-devel-linux-x86_64-fedora-clang | 0.1.3 | 76.34 | NOTE | |||
r-devel-linux-x86_64-fedora-gcc | 0.1.3 | 71.45 | NOTE | |||
r-devel-windows-x86_64 | 0.1.3 | 7.00 | 62.00 | 69.00 | OK | |
r-patched-linux-x86_64 | 0.1.3 | 6.52 | 50.75 | 57.27 | OK | |
r-release-linux-x86_64 | 0.1.3 | 5.69 | 55.31 | 61.00 | OK | |
r-release-macos-arm64 | 0.1.3 | 26.00 | OK | |||
r-release-macos-x86_64 | 0.1.3 | 38.00 | OK | |||
r-release-windows-x86_64 | 0.1.3 | 8.00 | 61.00 | 69.00 | OK | |
r-oldrel-macos-arm64 | 0.1.3 | 26.00 | OK | |||
r-oldrel-macos-x86_64 | 0.1.3 | 40.00 | OK | |||
r-oldrel-windows-x86_64 | 0.1.3 | 8.00 | 70.00 | 78.00 | OK |
Version: 0.1.3
Check: dependencies in R code
Result: NOTE
Namespace in Imports field not imported from: ‘utils’
All declared Imports should be used.
Flavors: r-devel-linux-x86_64-fedora-clang, r-devel-linux-x86_64-fedora-gcc