Last updated on 2025-11-26 05:51:37 CET.
| Flavor | Version | Tinstall | Tcheck | Ttotal | Status | Flags |
|---|---|---|---|---|---|---|
| r-devel-linux-x86_64-debian-clang | 1.1.2 | 14.20 | 288.46 | 302.66 | OK | |
| r-devel-linux-x86_64-debian-gcc | 1.1.2 | 9.19 | 193.80 | 202.99 | OK | |
| r-devel-linux-x86_64-fedora-clang | 1.1.2 | 43.00 | 451.43 | 494.43 | OK | |
| r-devel-linux-x86_64-fedora-gcc | 1.1.2 | 25.00 | 410.76 | 435.76 | OK | |
| r-patched-linux-x86_64 | 1.1.2 | 14.54 | 273.13 | 287.67 | OK | |
| r-release-linux-x86_64 | 1.1.2 | 9.81 | 273.98 | 283.79 | OK | |
| r-release-macos-arm64 | 1.0.1 | 5.00 | 75.00 | 80.00 | NOTE | |
| r-release-macos-x86_64 | 1.1.2 | 15.00 | 317.00 | 332.00 | OK | |
| r-release-windows-x86_64 | 1.1.2 | 14.00 | 332.00 | 346.00 | OK | |
| r-oldrel-macos-arm64 | 1.1.2 | 3.00 | 77.00 | 80.00 | OK | |
| r-oldrel-macos-x86_64 | 1.1.2 | 15.00 | 311.00 | 326.00 | OK | |
| r-oldrel-windows-x86_64 | 1.1.2 | 21.00 | 384.00 | 405.00 | OK |
Version: 1.0.1
Check: DESCRIPTION meta-information
Result: NOTE
Missing dependency on R >= 4.1.0 because package code uses the pipe
|> or function shorthand \(...) syntax added in R 4.1.0.
File(s) using such syntax:
‘aaa.R’ ‘flip.R’ ‘geom_link.Rd’ ‘geom_seq.Rd’ ‘geom_seq_break.Rd’
‘shift.Rd’ ‘track_info.Rd’
Flavor: r-release-macos-arm64