Last updated on 2024-08-16 06:50:01 CEST.
Flavor | Version | Tinstall | Tcheck | Ttotal | Status | Flags |
---|---|---|---|---|---|---|
r-devel-linux-x86_64-debian-clang | 1.0.1 | 7.35 | 100.76 | 108.11 | NOTE | |
r-devel-linux-x86_64-debian-gcc | 1.0.1 | 5.17 | 71.49 | 76.66 | NOTE | |
r-devel-linux-x86_64-fedora-clang | 1.0.1 | 195.53 | NOTE | |||
r-devel-linux-x86_64-fedora-gcc | 1.0.1 | 171.91 | NOTE | |||
r-devel-windows-x86_64 | 1.0.1 | 10.00 | 110.00 | 120.00 | NOTE | |
r-patched-linux-x86_64 | 1.0.1 | 11.18 | 95.94 | 107.12 | NOTE | |
r-release-linux-x86_64 | 1.0.1 | 5.59 | 94.42 | 100.01 | NOTE | |
r-release-macos-arm64 | 1.0.1 | 54.00 | NOTE | |||
r-release-macos-x86_64 | 1.0.1 | 81.00 | NOTE | |||
r-release-windows-x86_64 | 1.0.1 | 11.00 | 115.00 | 126.00 | NOTE | |
r-oldrel-macos-arm64 | 1.0.1 | 55.00 | OK | |||
r-oldrel-macos-x86_64 | 1.0.1 | 92.00 | OK | |||
r-oldrel-windows-x86_64 | 1.0.1 | 11.00 | 132.00 | 143.00 | OK |
Version: 1.0.1
Check: Rd files
Result: NOTE
checkRd: (-1) render_context.Rd:42: Lost braces; missing escapes or markup?
42 | \item{xmin, ymin, xmax, ymax}{Boundaries of the area in pixels. {0,0} is the
| ^
Flavors: r-devel-linux-x86_64-debian-clang, r-devel-linux-x86_64-debian-gcc, r-devel-linux-x86_64-fedora-clang, r-devel-linux-x86_64-fedora-gcc, r-devel-windows-x86_64, r-patched-linux-x86_64, r-release-linux-x86_64, r-release-macos-arm64, r-release-macos-x86_64, r-release-windows-x86_64
Version: 1.0.1
Check: Rd cross-references
Result: NOTE
Found the following Rd file(s) with Rd \link{} targets missing package
anchors:
object_support.Rd: ggplot
Please provide package anchors for all Rd \link{} targets not in the
package itself and the base packages.
Flavors: r-devel-linux-x86_64-debian-clang, r-devel-linux-x86_64-debian-gcc, r-devel-windows-x86_64