Last updated on 2025-11-04 13:50:15 CET.
| Flavor | Version | Tinstall | Tcheck | Ttotal | Status | Flags |
|---|---|---|---|---|---|---|
| r-devel-linux-x86_64-debian-clang | 0.9.1 | 111.32 | 207.53 | 318.85 | OK | |
| r-devel-linux-x86_64-debian-gcc | 0.9.1 | 62.33 | 146.48 | 208.81 | OK | |
| r-devel-linux-x86_64-fedora-clang | 0.9.1 | 459.00 | 132.30 | 591.30 | OK | |
| r-devel-linux-x86_64-fedora-gcc | 0.9.1 | 356.00 | 182.27 | 538.27 | OK | |
| r-devel-windows-x86_64 | 0.9.1 | 130.00 | 214.00 | 344.00 | OK | |
| r-patched-linux-x86_64 | 0.9.1 | 105.54 | 196.99 | 302.53 | OK | |
| r-release-linux-x86_64 | 0.9.1 | 103.00 | 196.39 | 299.39 | OK | |
| r-release-macos-arm64 | 0.9.1 | 38.00 | 84.00 | 122.00 | OK | |
| r-release-macos-x86_64 | 0.9.1 | 48.00 | 170.00 | 218.00 | OK | |
| r-release-windows-x86_64 | 0.9.1 | 118.00 | 210.00 | 328.00 | OK | |
| r-oldrel-macos-arm64 | 0.9.1 | 35.00 | 86.00 | 121.00 | NOTE | |
| r-oldrel-macos-x86_64 | 0.9.1 | 41.00 | 166.00 | 207.00 | NOTE | |
| r-oldrel-windows-x86_64 | 0.9.1 | 158.00 | 286.00 | 444.00 | NOTE |
Version: 0.9.1
Check: installed package size
Result: NOTE
installed size is 7.6Mb
sub-directories of 1Mb or more:
doc 1.7Mb
extdata 2.2Mb
libs 3.1Mb
Flavors: r-oldrel-macos-arm64, r-oldrel-macos-x86_64, r-oldrel-windows-x86_64