Last updated on 2025-02-05 17:49:56 CET.
Flavor | Version | Tinstall | Tcheck | Ttotal | Status | Flags |
---|---|---|---|---|---|---|
r-devel-linux-x86_64-debian-clang | 0.7.2 | 5.11 | 57.54 | 62.65 | NOTE | |
r-devel-linux-x86_64-debian-gcc | 0.7.2 | 3.77 | 41.61 | 45.38 | NOTE | |
r-devel-linux-x86_64-fedora-clang | 0.7.2 | 103.55 | OK | |||
r-devel-linux-x86_64-fedora-gcc | 0.7.2 | 107.79 | OK | |||
r-devel-windows-x86_64 | 0.7.2 | 7.00 | 81.00 | 88.00 | NOTE | |
r-patched-linux-x86_64 | 0.7.2 | 7.99 | 52.77 | 60.76 | OK | |
r-release-linux-x86_64 | 0.7.2 | 4.52 | 53.17 | 57.69 | OK | |
r-release-macos-arm64 | 0.7.2 | 42.00 | OK | |||
r-release-macos-x86_64 | 0.7.2 | 56.00 | OK | |||
r-release-windows-x86_64 | 0.7.2 | 6.00 | 87.00 | 93.00 | OK | |
r-oldrel-macos-arm64 | 0.7.2 | 39.00 | OK | |||
r-oldrel-macos-x86_64 | 0.7.2 | 79.00 | OK | |||
r-oldrel-windows-x86_64 | 0.7.2 | 7.00 | 89.00 | 96.00 | OK |
Version: 0.7.2
Check: Rd cross-references
Result: NOTE
Found the following Rd file(s) with Rd \link{} targets missing package
anchors:
geom_quasirandom.Rd: geom_boxplot
Please provide package anchors for all Rd \link{} targets not in the
package itself and the base packages.
Flavors: r-devel-linux-x86_64-debian-clang, r-devel-linux-x86_64-debian-gcc, r-devel-windows-x86_64