Last updated on 2025-11-26 05:51:37 CET.
| Flavor | Version | Tinstall | Tcheck | Ttotal | Status | Flags |
|---|---|---|---|---|---|---|
| r-devel-linux-x86_64-debian-clang | 0.1.5 | 4.04 | 34.73 | 38.77 | OK | |
| r-devel-linux-x86_64-debian-gcc | 0.1.5 | 3.10 | 27.10 | 30.20 | OK | |
| r-devel-linux-x86_64-fedora-clang | 0.1.5 | 12.00 | 44.01 | 56.01 | NOTE | |
| r-devel-linux-x86_64-fedora-gcc | 0.1.5 | 11.00 | 41.72 | 52.72 | NOTE | |
| r-devel-windows-x86_64 | 0.1.5 | 9.00 | 52.00 | 61.00 | OK | |
| r-patched-linux-x86_64 | 0.1.5 | 4.06 | 31.69 | 35.75 | OK | |
| r-release-linux-x86_64 | 0.1.5 | 4.27 | 31.46 | 35.73 | OK | |
| r-release-macos-arm64 | 0.1.5 | OK | ||||
| r-release-macos-x86_64 | 0.1.5 | 3.00 | 27.00 | 30.00 | OK | |
| r-release-windows-x86_64 | 0.1.5 | 6.00 | 51.00 | 57.00 | OK | |
| r-oldrel-macos-arm64 | 0.1.5 | NOTE | ||||
| r-oldrel-macos-x86_64 | 0.1.5 | 3.00 | 24.00 | 27.00 | NOTE | |
| r-oldrel-windows-x86_64 | 0.1.5 | 9.00 | 59.00 | 68.00 | NOTE |
Version: 0.1.5
Check: dependencies in R code
Result: NOTE
Namespace in Imports field not imported from: ‘dplyr’
All declared Imports should be used.
Flavors: r-devel-linux-x86_64-fedora-clang, r-devel-linux-x86_64-fedora-gcc
Version: 0.1.5
Check: LazyData
Result: NOTE
'LazyData' is specified without a 'data' directory
Flavors: r-oldrel-macos-arm64, r-oldrel-macos-x86_64, r-oldrel-windows-x86_64