Last updated on 2025-11-26 05:51:37 CET.
| Flavor | Version | Tinstall | Tcheck | Ttotal | Status | Flags |
|---|---|---|---|---|---|---|
| r-devel-linux-x86_64-debian-clang | 0.11.0 | 5.30 | 58.12 | 63.42 | NOTE | |
| r-devel-linux-x86_64-debian-gcc | 0.11.0 | 3.12 | 45.92 | 49.04 | NOTE | |
| r-devel-linux-x86_64-fedora-clang | 0.11.0 | 10.00 | 81.49 | 91.49 | NOTE | |
| r-devel-linux-x86_64-fedora-gcc | 0.11.0 | 11.00 | 90.02 | 101.02 | NOTE | |
| r-devel-windows-x86_64 | 0.11.0 | 8.00 | 75.00 | 83.00 | OK | |
| r-patched-linux-x86_64 | 0.11.0 | 4.92 | 55.25 | 60.17 | NOTE | |
| r-release-linux-x86_64 | 0.11.0 | 4.09 | 56.39 | 60.48 | NOTE | |
| r-release-macos-arm64 | 0.11.0 | OK | ||||
| r-release-macos-x86_64 | 0.11.0 | 4.00 | 65.00 | 69.00 | OK | |
| r-release-windows-x86_64 | 0.11.0 | 8.00 | 73.00 | 81.00 | OK | |
| r-oldrel-macos-arm64 | 0.11.0 | OK | ||||
| r-oldrel-macos-x86_64 | 0.11.0 | 4.00 | 77.00 | 81.00 | OK | |
| r-oldrel-windows-x86_64 | 0.11.0 | 9.00 | 88.00 | 97.00 | OK |
Version: 0.11.0
Check: R code for possible problems
Result: NOTE
Found the following assignments to the global environment:
File ‘ggExtra/R/ggMarginalGadget.R’:
assign(plotname, eval(parse(text = origPlot)), envir = .GlobalEnv)
Flavors: r-devel-linux-x86_64-debian-clang, r-devel-linux-x86_64-debian-gcc, r-devel-linux-x86_64-fedora-clang, r-patched-linux-x86_64, r-release-linux-x86_64
Version: 0.11.0
Check: dependencies in R code
Result: NOTE
Namespaces in Imports field not imported from:
‘R6’ ‘scales’ ‘utils’
All declared Imports should be used.
Flavors: r-devel-linux-x86_64-fedora-clang, r-devel-linux-x86_64-fedora-gcc