Last updated on 2025-05-15 18:50:48 CEST.
Flavor | Version | Tinstall | Tcheck | Ttotal | Status | Flags |
---|---|---|---|---|---|---|
r-devel-linux-x86_64-debian-clang | 2.0.8 | 37.58 | 540.79 | 578.37 | OK | |
r-devel-linux-x86_64-debian-gcc | 2.0.8 | 25.75 | 363.85 | 389.60 | OK | |
r-devel-linux-x86_64-fedora-clang | 2.0.8 | 961.96 | OK | |||
r-devel-linux-x86_64-fedora-gcc | 2.0.8 | 1023.38 | ERROR | |||
r-devel-windows-x86_64 | 2.0.8 | 40.00 | 455.00 | 495.00 | OK | |
r-patched-linux-x86_64 | 2.0.8 | 37.46 | 542.08 | 579.54 | OK | |
r-release-linux-x86_64 | 2.0.8 | 36.18 | 547.53 | 583.71 | OK | |
r-release-macos-arm64 | 2.0.8 | 302.00 | OK | |||
r-release-macos-x86_64 | 2.0.8 | 556.00 | OK | |||
r-release-windows-x86_64 | 2.0.8 | 40.00 | 457.00 | 497.00 | OK | |
r-oldrel-macos-arm64 | 2.0.8 | 272.00 | NOTE | |||
r-oldrel-macos-x86_64 | 2.0.8 | 716.00 | NOTE | |||
r-oldrel-windows-x86_64 | 2.0.8 | 55.00 | 609.00 | 664.00 | NOTE |
Version: 2.0.8
Check: examples
Result: ERROR
Running examples in ‘geostatsp-Ex.R’ failed
The error most likely occurred in:
> ### Name: RFsimulate
> ### Title: Simulation of Random Fields
> ### Aliases: RFsimulate modelRandomFields RFsimulate RFsimulate-methods
> ### RFsimulate,ANY,SpatRaster-method RFsimulate,numeric,SpatRaster-method
> ### RFsimulate,numeric,SpatVector-method
> ### RFsimulate,RMmodel,SpatVector-method
> ### RFsimulate,RMmodel,SpatRaster-method
> ### RFsimulate,matrix,SpatRaster-method
> ### RFsimulate,matrix,SpatVector-method RFsimulate,data.frame,ANY-method
> ### Keywords: spatial
>
> ### ** Examples
>
> library('geostatsp')
>
> # exclude this line to use the RandomFields package
> options(useRandomFields = FALSE)
>
> model1 <- c(var=5, range=1,shape=0.5)
>
>
> myraster = rast(nrows=20,ncols=30,extent = ext(0,6,0,4),
+ crs="+proj=utm +zone=17 +datum=NAD27 +units=m +no_defs")
>
> set.seed(0)
>
> simu <- RFsimulate(model1, x=myraster, n=3)
install the RandomFields package for faster simulations
Flavor: r-devel-linux-x86_64-fedora-gcc
Version: 2.0.8
Check: tests
Result: ERROR
Running ‘RFsimulate.R’ [0m/90m]
Running ‘krige.R’
Running the tests in ‘tests/RFsimulate.R’ failed.
Complete output:
> library("geostatsp")
Loading required package: Matrix
Loading required package: terra
terra 1.8.50
>
> model <- c(var=5, range=20,shape=0.5)
>
> # any old crs
> theCrs = "+proj=utm +zone=17 +datum=NAD27 +units=m +no_defs"
>
> # don't test using the randomFields package, it's currently broken on some R builds
> options(useRandomFields = FALSE)
>
> myraster = rast(nrows=20,ncols=20,extent = ext(100,110,100,110),
+ crs=theCrs)
>
> set.seed(0)
> simu = RFsimulate(model = rbind(a=model, b=model+0.1),
+ x=myraster, n=4
+ )
Flavor: r-devel-linux-x86_64-fedora-gcc
Version: 2.0.8
Check: package dependencies
Result: NOTE
Package suggested but not available for checking: ‘RandomFields’
Package which this enhances but not available for checking: ‘INLA’
Flavors: r-oldrel-macos-arm64, r-oldrel-macos-x86_64
Version: 2.0.8
Check: package dependencies
Result: NOTE
Package suggested but not available for checking: 'RandomFields'
Flavor: r-oldrel-windows-x86_64