Last updated on 2025-11-26 05:51:37 CET.
| Flavor | Version | Tinstall | Tcheck | Ttotal | Status | Flags |
|---|---|---|---|---|---|---|
| r-devel-linux-x86_64-debian-clang | 0.3.1 | 5.19 | 56.63 | 61.82 | OK | |
| r-devel-linux-x86_64-debian-gcc | 0.3.1 | 3.69 | 39.73 | 43.42 | OK | |
| r-devel-linux-x86_64-fedora-clang | 0.3.1 | 48.00 | 50.53 | 98.53 | NOTE | |
| r-devel-linux-x86_64-fedora-gcc | 0.3.1 | 12.00 | 72.27 | 84.27 | NOTE | |
| r-devel-windows-x86_64 | 0.3.1 | 8.00 | 64.00 | 72.00 | OK | |
| r-patched-linux-x86_64 | 0.3.1 | 6.09 | 50.16 | 56.25 | OK | |
| r-release-linux-x86_64 | 0.3.1 | 6.05 | 49.69 | 55.74 | OK | |
| r-release-macos-arm64 | 0.3.1 | OK | ||||
| r-release-macos-x86_64 | 0.3.1 | 5.00 | 47.00 | 52.00 | OK | |
| r-release-windows-x86_64 | 0.3.1 | 8.00 | 64.00 | 72.00 | OK | |
| r-oldrel-macos-arm64 | 0.3.1 | NOTE | ||||
| r-oldrel-macos-x86_64 | 0.3.1 | 5.00 | 43.00 | 48.00 | NOTE | |
| r-oldrel-windows-x86_64 | 0.3.1 | 11.00 | 78.00 | 89.00 | NOTE |
Version: 0.3.1
Check: dependencies in R code
Result: NOTE
Namespace in Imports field not imported from: ‘dbplyr’
All declared Imports should be used.
Flavors: r-devel-linux-x86_64-fedora-clang, r-devel-linux-x86_64-fedora-gcc
Version: 0.3.1
Check: LazyData
Result: NOTE
'LazyData' is specified without a 'data' directory
Flavors: r-oldrel-macos-arm64, r-oldrel-macos-x86_64, r-oldrel-windows-x86_64