Last updated on 2025-06-30 18:49:41 CEST.
Flavor | Version | Tinstall | Tcheck | Ttotal | Status | Flags |
---|---|---|---|---|---|---|
r-devel-linux-x86_64-debian-clang | 0.9.2 | 363.91 | 1187.59 | 1551.50 | OK | |
r-devel-linux-x86_64-debian-gcc | 0.9.2 | 210.18 | 770.11 | 980.29 | OK | |
r-devel-linux-x86_64-fedora-clang | 0.9.2 | 2787.01 | OK | |||
r-devel-linux-x86_64-fedora-gcc | 0.9.2 | 2455.79 | OK | |||
r-devel-windows-x86_64 | 0.9.2 | 334.00 | 1228.00 | 1562.00 | OK | |
r-patched-linux-x86_64 | OK | |||||
r-release-linux-x86_64 | 0.9.2 | 343.59 | 1219.43 | 1563.02 | OK | |
r-release-macos-arm64 | 0.9.2 | 797.00 | OK | |||
r-release-macos-x86_64 | 0.9.2 | 1606.00 | OK | |||
r-release-windows-x86_64 | 0.9.2 | 361.00 | 1227.00 | 1588.00 | OK | |
r-oldrel-macos-arm64 | 0.9.2 | 836.00 | NOTE | |||
r-oldrel-macos-x86_64 | 0.9.2 | 1585.00 | NOTE | |||
r-oldrel-windows-x86_64 | 0.9.2 | 483.00 | 1620.00 | 2103.00 | NOTE |
Version: 0.9.2
Check: installed package size
Result: NOTE
installed size is 23.7Mb
sub-directories of 1Mb or more:
R 13.0Mb
extdata 6.4Mb
help 4.1Mb
Flavors: r-oldrel-macos-arm64, r-oldrel-macos-x86_64, r-oldrel-windows-x86_64