Last updated on 2025-11-26 05:51:37 CET.
| Flavor | Version | Tinstall | Tcheck | Ttotal | Status | Flags |
|---|---|---|---|---|---|---|
| r-devel-linux-x86_64-debian-clang | 2.0.3 | 15.99 | 3.33 | 19.32 | ERROR | |
| r-devel-linux-x86_64-debian-gcc | 2.0.3 | 11.52 | 2.64 | 14.16 | ERROR | |
| r-devel-linux-x86_64-fedora-clang | 2.0.3 | 79.00 | 1.47 | 80.47 | ERROR | |
| r-devel-linux-x86_64-fedora-gcc | 2.0.3 | 118.00 | -46.66 | 71.34 | ERROR | |
| r-devel-windows-x86_64 | 2.0.3 | 72.00 | 85.00 | 157.00 | NOTE | |
| r-patched-linux-x86_64 | 2.0.3 | 58.72 | 30.47 | 89.19 | NOTE | |
| r-release-linux-x86_64 | 2.0.3 | 62.59 | 30.84 | 93.43 | NOTE | |
| r-release-macos-arm64 | 2.0.3 | NOTE | ||||
| r-release-macos-x86_64 | 2.0.3 | 21.00 | 50.00 | 71.00 | NOTE | |
| r-release-windows-x86_64 | 2.0.3 | 65.00 | 82.00 | 147.00 | NOTE | |
| r-oldrel-macos-arm64 | 2.0.3 | NOTE | ||||
| r-oldrel-macos-x86_64 | 2.0.3 | 21.00 | 42.00 | 63.00 | NOTE | |
| r-oldrel-windows-x86_64 | 2.0.3 | 78.00 | 86.00 | 164.00 | NOTE |
Version: 2.0.3
Check: whether package can be installed
Result: ERROR
Installation failed.
Flavors: r-devel-linux-x86_64-debian-clang, r-devel-linux-x86_64-debian-gcc, r-devel-linux-x86_64-fedora-clang, r-devel-linux-x86_64-fedora-gcc
Version: 2.0.3
Check: C++ specification
Result: NOTE
Specified C++11: please drop specification unless essential
Flavors: r-devel-windows-x86_64, r-patched-linux-x86_64, r-release-linux-x86_64, r-release-macos-arm64, r-release-macos-x86_64, r-release-windows-x86_64, r-oldrel-macos-arm64, r-oldrel-macos-x86_64, r-oldrel-windows-x86_64
Version: 2.0.3
Check: installed package size
Result: NOTE
installed size is 6.4Mb
sub-directories of 1Mb or more:
help 1.3Mb
libs 4.4Mb
Flavors: r-oldrel-macos-arm64, r-oldrel-macos-x86_64