Last updated on 2025-11-26 05:51:37 CET.
| Flavor | Version | Tinstall | Tcheck | Ttotal | Status | Flags |
|---|---|---|---|---|---|---|
| r-devel-linux-x86_64-debian-clang | 0.11.3 | 0.35 | 2.65 | 3.00 | ERROR | |
| r-devel-linux-x86_64-debian-gcc | 0.11.3 | 0.29 | 2.15 | 2.44 | ERROR | |
| r-devel-linux-x86_64-fedora-clang | 0.11.3 | 2.59 | ERROR | |||
| r-devel-linux-x86_64-fedora-gcc | 0.11.3 | 2.48 | ERROR | |||
| r-devel-windows-x86_64 | 0.11.3 | 14.00 | 95.00 | 109.00 | OK | |
| r-patched-linux-x86_64 | 0.11.3 | 9.63 | 73.45 | 83.08 | OK | |
| r-release-linux-x86_64 | 0.11.3 | 8.71 | 74.49 | 83.20 | OK | |
| r-release-macos-arm64 | 0.11.3 | OK | ||||
| r-release-macos-x86_64 | 0.11.3 | 7.00 | 71.00 | 78.00 | OK | |
| r-release-windows-x86_64 | 0.11.3 | 13.00 | 93.00 | 106.00 | OK | |
| r-oldrel-macos-arm64 | 0.11.3 | OK | ||||
| r-oldrel-macos-x86_64 | 0.11.3 | 6.00 | 92.00 | 98.00 | OK | |
| r-oldrel-windows-x86_64 | 0.11.3 | 14.00 | 117.00 | 131.00 | OK |
Version: 0.11.3
Check: package dependencies
Result: ERROR
Package required but not available: ‘geojsonsf’
See section ‘The DESCRIPTION file’ in the ‘Writing R Extensions’
manual.
Flavors: r-devel-linux-x86_64-debian-clang, r-devel-linux-x86_64-debian-gcc, r-devel-linux-x86_64-fedora-clang, r-devel-linux-x86_64-fedora-gcc