Last updated on 2025-11-26 05:51:37 CET.
| Flavor | Version | Tinstall | Tcheck | Ttotal | Status | Flags |
|---|---|---|---|---|---|---|
| r-devel-linux-x86_64-debian-clang | 0.10.1 | 7.27 | 63.95 | 71.22 | NOTE | |
| r-devel-linux-x86_64-debian-gcc | 0.10.1 | 4.77 | 46.62 | 51.39 | NOTE | |
| r-devel-linux-x86_64-fedora-clang | 0.10.1 | 19.00 | 90.44 | 109.44 | OK | |
| r-devel-linux-x86_64-fedora-gcc | 0.10.1 | 13.00 | 88.11 | 101.11 | OK | |
| r-devel-windows-x86_64 | 0.10.1 | 8.00 | 74.00 | 82.00 | OK | |
| r-patched-linux-x86_64 | 0.10.1 | 6.75 | 60.86 | 67.61 | OK | |
| r-release-linux-x86_64 | 0.10.1 | 6.56 | 60.79 | 67.35 | OK | |
| r-release-macos-arm64 | 0.10.1 | OK | ||||
| r-release-macos-x86_64 | 0.10.1 | 6.00 | 57.00 | 63.00 | OK | |
| r-release-windows-x86_64 | 0.10.1 | 8.00 | 74.00 | 82.00 | OK | |
| r-oldrel-macos-arm64 | 0.10.1 | OK | ||||
| r-oldrel-macos-x86_64 | 0.10.1 | 4.00 | 49.00 | 53.00 | OK | |
| r-oldrel-windows-x86_64 | 0.10.1 | 10.00 | 92.00 | 102.00 | OK |
Version: 0.10.1
Check: CRAN incoming feasibility
Result: NOTE
Maintainer: ‘Lee McDaniel <lmcda4@lsuhsc.edu>’
Package CITATION file contains call(s) to old-style personList() or
as.personList(). Please use c() on person objects instead.
Package CITATION file contains call(s) to old-style citEntry(). Please
use bibentry() instead.
Flavors: r-devel-linux-x86_64-debian-clang, r-devel-linux-x86_64-debian-gcc