Last updated on 2025-02-10 17:49:11 CET.
Flavor | Version | Tinstall | Tcheck | Ttotal | Status | Flags |
---|---|---|---|---|---|---|
r-devel-linux-x86_64-debian-clang | 0.3 | 33.61 | 74.02 | 107.63 | OK | |
r-devel-linux-x86_64-debian-gcc | 0.3 | 22.85 | 54.80 | 77.65 | OK | |
r-devel-linux-x86_64-fedora-clang | 0.3 | 182.37 | OK | |||
r-devel-linux-x86_64-fedora-gcc | 0.3 | 175.26 | OK | |||
r-devel-windows-x86_64 | 0.3 | 36.00 | 94.00 | 130.00 | OK | |
r-patched-linux-x86_64 | 0.3 | 32.29 | 68.42 | 100.71 | NOTE | |
r-release-linux-x86_64 | 0.3 | 30.42 | 68.50 | 98.92 | NOTE | |
r-release-macos-arm64 | 0.3 | 49.00 | NOTE | |||
r-release-macos-x86_64 | 0.3 | 92.00 | NOTE | |||
r-release-windows-x86_64 | 0.3 | 34.00 | 102.00 | 136.00 | NOTE | |
r-oldrel-macos-arm64 | 0.3 | 54.00 | NOTE | |||
r-oldrel-macos-x86_64 | 0.3 | 85.00 | NOTE | |||
r-oldrel-windows-x86_64 | 0.3 | 40.00 | 123.00 | 163.00 | NOTE |
Version: 0.3
Check: LazyData
Result: NOTE
'LazyData' is specified without a 'data' directory
Flavors: r-patched-linux-x86_64, r-release-linux-x86_64, r-release-macos-arm64, r-release-macos-x86_64, r-release-windows-x86_64, r-oldrel-macos-arm64, r-oldrel-macos-x86_64, r-oldrel-windows-x86_64