Last updated on 2025-02-10 17:49:11 CET.
Flavor | Version | Tinstall | Tcheck | Ttotal | Status | Flags |
---|---|---|---|---|---|---|
r-devel-linux-x86_64-debian-clang | 0.2-6 | 7.76 | 69.57 | 77.33 | NOTE | |
r-devel-linux-x86_64-debian-gcc | 0.2-6 | 6.16 | 54.90 | 61.06 | NOTE | |
r-devel-linux-x86_64-fedora-clang | 0.2-6 | 126.93 | OK | |||
r-devel-linux-x86_64-fedora-gcc | 0.2-6 | 116.13 | OK | |||
r-devel-windows-x86_64 | 0.2-6 | 9.00 | 86.00 | 95.00 | NOTE | |
r-patched-linux-x86_64 | 0.2-6 | 11.09 | 65.32 | 76.41 | OK | |
r-release-linux-x86_64 | 0.2-6 | 8.26 | 65.55 | 73.81 | OK | |
r-release-macos-arm64 | 0.2-6 | 38.00 | OK | |||
r-release-macos-x86_64 | 0.2-6 | 55.00 | OK | |||
r-release-windows-x86_64 | 0.2-6 | 8.00 | 87.00 | 95.00 | OK | |
r-oldrel-macos-arm64 | 0.2-6 | 46.00 | OK | |||
r-oldrel-macos-x86_64 | 0.2-6 | 63.00 | OK | |||
r-oldrel-windows-x86_64 | 0.2-6 | 11.00 | 103.00 | 114.00 | OK |
Version: 0.2-6
Check: Rd cross-references
Result: NOTE
Found the following Rd file(s) with Rd \link{} targets missing package
anchors:
gamm4.Rd: lmer, glmer, lmerControl, glmerControl
Please provide package anchors for all Rd \link{} targets not in the
package itself and the base packages.
Flavors: r-devel-linux-x86_64-debian-clang, r-devel-linux-x86_64-debian-gcc, r-devel-windows-x86_64