Last updated on 2025-02-10 17:49:11 CET.
Flavor | Version | Tinstall | Tcheck | Ttotal | Status | Flags |
---|---|---|---|---|---|---|
r-devel-linux-x86_64-debian-clang | 0.5.1 | 2.15 | 16.02 | 18.17 | NOTE | |
r-devel-linux-x86_64-debian-gcc | 0.5.1 | 1.81 | 13.31 | 15.12 | NOTE | |
r-devel-linux-x86_64-fedora-clang | 0.5.1 | 29.33 | NOTE | |||
r-devel-linux-x86_64-fedora-gcc | 0.5.1 | 27.46 | NOTE | |||
r-devel-windows-x86_64 | 0.5.1 | 5.00 | 51.00 | 56.00 | NOTE | |
r-patched-linux-x86_64 | 0.5.1 | 2.21 | 15.17 | 17.38 | OK | |
r-release-linux-x86_64 | 0.5.1 | 1.92 | 15.44 | 17.36 | OK | |
r-release-macos-arm64 | 0.5.1 | 15.00 | OK | |||
r-release-macos-x86_64 | 0.5.1 | 30.00 | OK | |||
r-release-windows-x86_64 | 0.5.1 | 4.00 | 42.00 | 46.00 | OK | |
r-oldrel-macos-arm64 | 0.5.1 | 17.00 | OK | |||
r-oldrel-macos-x86_64 | 0.5.1 | 20.00 | OK | |||
r-oldrel-windows-x86_64 | 0.5.1 | 6.00 | 41.00 | 47.00 | OK |
Version: 0.5.1
Check: compiled code
Result: NOTE
File ‘gafit/libs/gafit.so’:
Found non-API calls to R: ‘FRAME’, ‘HASHTAB’
Compiled code should not call non-API entry points in R.
See ‘Writing portable packages’ in the ‘Writing R Extensions’ manual,
and section ‘Moving into C API compliance’ for issues with the use of
non-API entry points.
Flavors: r-devel-linux-x86_64-debian-clang, r-devel-linux-x86_64-debian-gcc
Version: 0.5.1
Check: compiled code
Result: NOTE
File ‘gafit/libs/gafit.so’:
Found non-API calls to R: ‘FRAME’, ‘HASHTAB’
File ‘gafit/libs/gafit.so’:
Found no calls to: ‘R_registerRoutines’, ‘R_useDynamicSymbols’
Compiled code should not call non-API entry points in R.
It is good practice to register native routines and to disable symbol
search.
See ‘Writing portable packages’ in the ‘Writing R Extensions’ manual,
and section ‘Moving into C API compliance’ for issues with the use of
non-API entry points.
Flavors: r-devel-linux-x86_64-fedora-clang, r-devel-linux-x86_64-fedora-gcc
Version: 0.5.1
Check: compiled code
Result: NOTE
File 'gafit/libs/x64/gafit.dll':
Found non-API calls to R: 'FRAME', 'HASHTAB'
Compiled code should not call non-API entry points in R.
See 'Writing portable packages' in the 'Writing R Extensions' manual,
and section 'Moving into C API compliance' for issues with the use of
non-API entry points.
Flavor: r-devel-windows-x86_64