CRAN Package Check Results for Package fuel

Last updated on 2025-02-05 17:49:56 CET.

Flavor Version Tinstall Tcheck Ttotal Status Flags
r-devel-linux-x86_64-debian-clang 1.2.0 2.51 23.21 25.72 OK
r-devel-linux-x86_64-debian-gcc 1.2.0 1.70 18.81 20.51 OK
r-devel-linux-x86_64-fedora-clang 1.2.0 41.37 OK
r-devel-linux-x86_64-fedora-gcc 1.2.0 38.72 OK
r-devel-windows-x86_64 1.2.0 5.00 56.00 61.00 OK
r-patched-linux-x86_64 1.2.0 2.80 21.71 24.51 NOTE
r-release-linux-x86_64 1.2.0 2.60 21.64 24.24 NOTE
r-release-macos-arm64 1.2.0 16.00 NOTE
r-release-macos-x86_64 1.2.0 24.00 NOTE
r-release-windows-x86_64 1.2.0 4.00 46.00 50.00 NOTE
r-oldrel-macos-arm64 1.2.0 18.00 NOTE
r-oldrel-macos-x86_64 1.2.0 23.00 NOTE
r-oldrel-windows-x86_64 1.2.0 6.00 48.00 54.00 NOTE

Check Details

Version: 1.2.0
Check: LazyData
Result: NOTE 'LazyData' is specified without a 'data' directory Flavors: r-patched-linux-x86_64, r-release-linux-x86_64, r-release-macos-arm64, r-release-macos-x86_64, r-release-windows-x86_64, r-oldrel-macos-arm64, r-oldrel-macos-x86_64, r-oldrel-windows-x86_64