Last updated on 2024-08-16 06:50:01 CEST.
Flavor | Version | Tinstall | Tcheck | Ttotal | Status | Flags |
---|---|---|---|---|---|---|
r-devel-linux-x86_64-debian-clang | 0.9.4.4 | 14.82 | 117.61 | 132.43 | NOTE | |
r-devel-linux-x86_64-debian-gcc | 0.9.4.4 | 11.34 | 86.96 | 98.30 | NOTE | |
r-devel-linux-x86_64-fedora-clang | 0.9.4.4 | 218.72 | NOTE | |||
r-devel-linux-x86_64-fedora-gcc | 0.9.4.4 | 218.04 | NOTE | |||
r-devel-windows-x86_64 | 0.9.4.4 | 15.00 | 128.00 | 143.00 | NOTE | |
r-patched-linux-x86_64 | 0.9.4.4 | 15.12 | 111.65 | 126.77 | NOTE | |
r-release-linux-x86_64 | 0.9.4.4 | 14.73 | 111.05 | 125.78 | NOTE | |
r-release-macos-arm64 | 0.9.4.4 | 62.00 | NOTE | |||
r-release-macos-x86_64 | 0.9.4.4 | 101.00 | NOTE | |||
r-release-windows-x86_64 | 0.9.4.4 | 15.00 | 136.00 | 151.00 | NOTE | |
r-oldrel-macos-arm64 | 0.9.4.4 | 73.00 | NOTE | |||
r-oldrel-macos-x86_64 | 0.9.4.4 | 122.00 | NOTE | |||
r-oldrel-windows-x86_64 | 0.9.4.4 | 19.00 | 157.00 | 176.00 | NOTE |
Version: 0.9.4.4
Check: package dependencies
Result: NOTE
Packages suggested but not available for checking:
'extraTrees', 'foba', 'nodeHarvest', 'obliqueRF', 'penalizedLDA',
'relaxo', 'rrlda'
Flavors: r-devel-linux-x86_64-debian-clang, r-devel-linux-x86_64-debian-gcc, r-devel-linux-x86_64-fedora-clang, r-devel-linux-x86_64-fedora-gcc, r-patched-linux-x86_64, r-release-linux-x86_64
Version: 0.9.4.4
Check: package dependencies
Result: NOTE
Packages suggested but not available for checking:
'extraTrees', 'foba', 'nodeHarvest', 'obliqueRF', 'relaxo', 'rrlda'
Flavors: r-devel-windows-x86_64, r-release-macos-arm64, r-release-macos-x86_64, r-release-windows-x86_64, r-oldrel-macos-arm64, r-oldrel-macos-x86_64, r-oldrel-windows-x86_64