CRAN Package Check Results for Package frequentdirections

Last updated on 2025-11-26 05:51:37 CET.

Flavor Version Tinstall Tcheck Ttotal Status Flags
r-devel-linux-x86_64-debian-clang 0.1.0 1.61 25.62 27.23 OK
r-devel-linux-x86_64-debian-gcc 0.1.0 1.41 20.23 21.64 OK
r-devel-linux-x86_64-fedora-clang 0.1.0 40.86 OK
r-devel-linux-x86_64-fedora-gcc 0.1.0 37.17 OK
r-devel-windows-x86_64 0.1.0 5.00 41.00 46.00 OK
r-patched-linux-x86_64 0.1.0 1.48 22.56 24.04 OK
r-release-linux-x86_64 0.1.0 1.62 22.50 24.12 OK
r-release-macos-arm64 0.1.0 OK
r-release-macos-x86_64 0.1.0 2.00 24.00 26.00 OK
r-release-windows-x86_64 0.1.0 4.00 41.00 45.00 OK
r-oldrel-macos-arm64 0.1.0 NOTE
r-oldrel-macos-x86_64 0.1.0 2.00 22.00 24.00 NOTE
r-oldrel-windows-x86_64 0.1.0 6.00 48.00 54.00 NOTE

Check Details

Version: 0.1.0
Check: LazyData
Result: NOTE 'LazyData' is specified without a 'data' directory Flavors: r-oldrel-macos-arm64, r-oldrel-macos-x86_64, r-oldrel-windows-x86_64