Last updated on 2024-06-15 17:57:33 CEST.
Flavor | Version | Tinstall | Tcheck | Ttotal | Status | Flags |
---|---|---|---|---|---|---|
r-devel-linux-x86_64-debian-clang | 1.1.0 | 34.72 | 30.01 | 64.73 | NOTE | |
r-devel-linux-x86_64-debian-gcc | 1.1.0 | 26.81 | 23.60 | 50.41 | NOTE | |
r-devel-linux-x86_64-fedora-clang | 1.1.0 | 99.27 | NOTE | |||
r-devel-linux-x86_64-fedora-gcc | 1.1.0 | 100.53 | NOTE | |||
r-devel-windows-x86_64 | 1.1.0 | 30.00 | 63.00 | 93.00 | NOTE | |
r-patched-linux-x86_64 | 1.1.0 | 35.21 | 29.34 | 64.55 | NOTE | |
r-release-linux-x86_64 | 1.1.0 | 37.80 | 28.88 | 66.68 | NOTE | |
r-release-macos-arm64 | 1.1.0 | 26.00 | NOTE | |||
r-release-macos-x86_64 | 1.1.0 | 39.00 | NOTE | |||
r-release-windows-x86_64 | 1.1.0 | 32.00 | 69.00 | 101.00 | NOTE | |
r-oldrel-macos-arm64 | 1.1.0 | 28.00 | NOTE | |||
r-oldrel-macos-x86_64 | 1.1.0 | 46.00 | NOTE | |||
r-oldrel-windows-x86_64 | 1.1.0 | 39.00 | 77.00 | 116.00 | NOTE |
Version: 1.1.0
Check: C++ specification
Result: NOTE
Specified C++11: please drop specification unless essential
Flavors: r-devel-linux-x86_64-debian-clang, r-devel-linux-x86_64-debian-gcc, r-devel-linux-x86_64-fedora-clang, r-devel-linux-x86_64-fedora-gcc, r-devel-windows-x86_64, r-patched-linux-x86_64, r-release-linux-x86_64, r-release-macos-arm64, r-release-macos-x86_64, r-release-windows-x86_64, r-oldrel-macos-arm64, r-oldrel-macos-x86_64, r-oldrel-windows-x86_64