Last updated on 2025-02-05 17:49:56 CET.
Flavor | Version | Tinstall | Tcheck | Ttotal | Status | Flags |
---|---|---|---|---|---|---|
r-devel-linux-x86_64-debian-clang | 0.2.0 | 2.05 | 27.04 | 29.09 | OK | |
r-devel-linux-x86_64-debian-gcc | 0.2.0 | 1.82 | 20.89 | 22.71 | OK | |
r-devel-linux-x86_64-fedora-clang | 0.2.0 | 46.71 | OK | |||
r-devel-linux-x86_64-fedora-gcc | 0.2.0 | 41.97 | OK | |||
r-devel-windows-x86_64 | 0.2.0 | 3.00 | 49.00 | 52.00 | OK | |
r-patched-linux-x86_64 | 0.2.0 | 2.37 | 25.63 | 28.00 | NOTE | |
r-release-linux-x86_64 | 0.2.0 | 2.06 | 24.99 | 27.05 | NOTE | |
r-release-macos-arm64 | 0.2.0 | 18.00 | NOTE | |||
r-release-macos-x86_64 | 0.2.0 | 25.00 | NOTE | |||
r-release-windows-x86_64 | 0.2.0 | 3.00 | 45.00 | 48.00 | NOTE | |
r-oldrel-macos-arm64 | 0.2.0 | 19.00 | NOTE | |||
r-oldrel-macos-x86_64 | 0.2.0 | 24.00 | NOTE | |||
r-oldrel-windows-x86_64 | 0.2.0 | 3.00 | 49.00 | 52.00 | NOTE |
Version: 0.2.0
Check: LazyData
Result: NOTE
'LazyData' is specified without a 'data' directory
Flavors: r-patched-linux-x86_64, r-release-linux-x86_64, r-release-macos-arm64, r-release-macos-x86_64, r-release-windows-x86_64, r-oldrel-macos-arm64, r-oldrel-macos-x86_64, r-oldrel-windows-x86_64