Last updated on 2024-06-15 17:57:33 CEST.
Flavor | Version | Tinstall | Tcheck | Ttotal | Status | Flags |
---|---|---|---|---|---|---|
r-devel-linux-x86_64-debian-clang | 5.0.19 | 11.52 | 359.85 | 371.37 | NOTE | |
r-devel-linux-x86_64-debian-gcc | 5.0.19 | 6.14 | 254.10 | 260.24 | NOTE | |
r-devel-linux-x86_64-fedora-clang | 5.0.19 | 453.30 | NOTE | |||
r-devel-linux-x86_64-fedora-gcc | 5.0.19 | 441.81 | NOTE | |||
r-devel-windows-x86_64 | 5.0.19 | 8.00 | 277.00 | 285.00 | NOTE | |
r-patched-linux-x86_64 | 5.0.19 | 11.39 | 337.69 | 349.08 | NOTE | |
r-release-linux-x86_64 | 5.0.19 | 5.76 | 317.33 | 323.09 | NOTE | |
r-release-macos-arm64 | 5.0.19 | 107.00 | NOTE | |||
r-release-macos-x86_64 | 5.0.19 | 260.00 | NOTE | |||
r-release-windows-x86_64 | 5.0.19 | 9.00 | 278.00 | 287.00 | NOTE | |
r-oldrel-macos-arm64 | 5.0.19 | 107.00 | NOTE | |||
r-oldrel-macos-x86_64 | 5.0.19 | 187.00 | NOTE | |||
r-oldrel-windows-x86_64 | 5.0.19 | 12.00 | 373.00 | 385.00 | NOTE |
Version: 5.0.19
Check: LazyData
Result: NOTE
'LazyData' is specified without a 'data' directory
Flavors: r-devel-linux-x86_64-debian-clang, r-devel-linux-x86_64-debian-gcc, r-devel-linux-x86_64-fedora-clang, r-devel-linux-x86_64-fedora-gcc, r-devel-windows-x86_64, r-patched-linux-x86_64, r-release-linux-x86_64, r-release-macos-arm64, r-release-macos-x86_64, r-release-windows-x86_64, r-oldrel-macos-arm64, r-oldrel-macos-x86_64, r-oldrel-windows-x86_64