Last updated on 2025-02-10 17:49:10 CET.
Flavor | Version | Tinstall | Tcheck | Ttotal | Status | Flags |
---|---|---|---|---|---|---|
r-devel-linux-x86_64-debian-clang | 0.1.5 | 2.82 | 25.79 | 28.61 | OK | |
r-devel-linux-x86_64-debian-gcc | 0.1.5 | 2.01 | 20.03 | 22.04 | OK | |
r-devel-linux-x86_64-fedora-clang | 0.1.5 | 46.98 | OK | |||
r-devel-linux-x86_64-fedora-gcc | 0.1.5 | 44.58 | OK | |||
r-devel-windows-x86_64 | 0.1.5 | 5.00 | 55.00 | 60.00 | OK | |
r-patched-linux-x86_64 | 0.1.5 | 3.10 | 24.10 | 27.20 | NOTE | |
r-release-linux-x86_64 | 0.1.5 | 2.71 | 24.30 | 27.01 | NOTE | |
r-release-macos-arm64 | 0.1.5 | 20.00 | NOTE | |||
r-release-macos-x86_64 | 0.1.5 | 38.00 | NOTE | |||
r-release-windows-x86_64 | 0.1.5 | 6.00 | 53.00 | 59.00 | NOTE | |
r-oldrel-macos-arm64 | 0.1.5 | 18.00 | NOTE | |||
r-oldrel-macos-x86_64 | 0.1.5 | 25.00 | NOTE | |||
r-oldrel-windows-x86_64 | 0.1.5 | 5.00 | 58.00 | 63.00 | NOTE |
Version: 0.1.5
Check: LazyData
Result: NOTE
'LazyData' is specified without a 'data' directory
Flavors: r-patched-linux-x86_64, r-release-linux-x86_64, r-release-macos-arm64, r-release-macos-x86_64, r-release-windows-x86_64, r-oldrel-macos-arm64, r-oldrel-macos-x86_64, r-oldrel-windows-x86_64