CRAN Package Check Results for Package fmf

Last updated on 2025-06-30 18:49:41 CEST.

Flavor Version Tinstall Tcheck Ttotal Status Flags
r-devel-linux-x86_64-debian-clang 1.1.1 35.48 142.77 178.25 NOTE
r-devel-linux-x86_64-debian-gcc 1.1.1 26.34 100.24 126.58 NOTE
r-devel-linux-x86_64-fedora-clang 1.1.1 284.88 NOTE
r-devel-linux-x86_64-fedora-gcc 1.1.1 273.19 NOTE
r-devel-windows-x86_64 1.1.1 45.00 151.00 196.00 NOTE
r-patched-linux-x86_64 NOTE
r-release-linux-x86_64 1.1.1 35.41 128.96 164.37 NOTE
r-release-macos-arm64 1.1.1 76.00 NOTE
r-release-macos-x86_64 1.1.1 124.00 NOTE
r-release-windows-x86_64 1.1.1 46.00 144.00 190.00 NOTE
r-oldrel-macos-arm64 1.1.1 69.00 NOTE
r-oldrel-macos-x86_64 1.1.1 99.00 NOTE
r-oldrel-windows-x86_64 1.1.1 54.00 194.00 248.00 NOTE

Check Details

Version: 1.1.1
Check: C++ specification
Result: NOTE Specified C++11: please drop specification unless essential Flavors: r-devel-linux-x86_64-debian-clang, r-devel-linux-x86_64-debian-gcc, r-devel-linux-x86_64-fedora-clang, r-devel-linux-x86_64-fedora-gcc, r-devel-windows-x86_64, r-patched-linux-x86_64, r-release-linux-x86_64, r-release-macos-arm64, r-release-macos-x86_64, r-release-windows-x86_64, r-oldrel-macos-arm64, r-oldrel-macos-x86_64, r-oldrel-windows-x86_64