Last updated on 2025-05-15 18:50:47 CEST.
Flavor | Version | Tinstall | Tcheck | Ttotal | Status | Flags |
---|---|---|---|---|---|---|
r-devel-linux-x86_64-debian-clang | 0.3.4 | 39.16 | 57.50 | 96.66 | NOTE | |
r-devel-linux-x86_64-debian-gcc | 0.3.4 | 31.40 | 44.32 | 75.72 | NOTE | |
r-devel-linux-x86_64-fedora-clang | 0.3.4 | 152.90 | OK | |||
r-devel-linux-x86_64-fedora-gcc | 0.3.4 | 143.71 | OK | |||
r-devel-windows-x86_64 | 0.3.4 | 43.00 | 74.00 | 117.00 | OK | |
r-patched-linux-x86_64 | 0.3.4 | 35.91 | 54.87 | 90.78 | OK | |
r-release-linux-x86_64 | 0.3.4 | 37.95 | 54.43 | 92.38 | OK | |
r-release-macos-arm64 | 0.3.4 | 70.00 | OK | |||
r-release-macos-x86_64 | 0.3.4 | 96.00 | OK | |||
r-release-windows-x86_64 | 0.3.4 | 40.00 | 73.00 | 113.00 | OK | |
r-oldrel-macos-arm64 | 0.3.4 | 56.00 | NOTE | |||
r-oldrel-macos-x86_64 | 0.3.4 | 77.00 | NOTE | |||
r-oldrel-windows-x86_64 | 0.3.4 | 53.00 | 84.00 | 137.00 | NOTE |
Version: 0.3.4
Check: CRAN incoming feasibility
Result: NOTE
Maintainer: ‘Gustavo Carvalho <gustavo.bio@gmail.com>’
No Authors@R field in DESCRIPTION.
Please add one, modifying
Authors@R: person(given = "Gustavo",
family = "Carvalho",
role = c("aut", "cre"),
email = "gustavo.bio@gmail.com")
as necessary.
Flavors: r-devel-linux-x86_64-debian-clang, r-devel-linux-x86_64-debian-gcc
Version: 0.3.4
Check: installed package size
Result: NOTE
installed size is 8.0Mb
sub-directories of 1Mb or more:
R 7.9Mb
Flavors: r-oldrel-macos-arm64, r-oldrel-macos-x86_64, r-oldrel-windows-x86_64