Last updated on 2025-02-10 17:49:10 CET.
Flavor | Version | Tinstall | Tcheck | Ttotal | Status | Flags |
---|---|---|---|---|---|---|
r-devel-linux-x86_64-debian-clang | 0.7 | 9.40 | 21.31 | 30.71 | OK | |
r-devel-linux-x86_64-debian-gcc | 0.7 | 6.50 | 17.49 | 23.99 | OK | |
r-devel-linux-x86_64-fedora-clang | 0.7 | 55.55 | NOTE | |||
r-devel-linux-x86_64-fedora-gcc | 0.7 | 53.86 | NOTE | |||
r-devel-windows-x86_64 | 0.7 | 14.00 | 62.00 | 76.00 | OK | |
r-patched-linux-x86_64 | 0.7 | 8.44 | 20.34 | 28.78 | OK | |
r-release-linux-x86_64 | 0.7 | 7.68 | 20.45 | 28.13 | OK | |
r-release-macos-arm64 | 0.7 | 25.00 | OK | |||
r-release-macos-x86_64 | 0.7 | 29.00 | OK | |||
r-release-windows-x86_64 | 0.7 | 15.00 | 63.00 | 78.00 | OK | |
r-oldrel-macos-arm64 | 0.7 | 22.00 | OK | |||
r-oldrel-macos-x86_64 | 0.7 | 32.00 | OK | |||
r-oldrel-windows-x86_64 | 0.7 | 17.00 | 69.00 | 86.00 | OK |
Version: 0.7
Check: compiled code
Result: NOTE
File ‘flock/libs/flock.so’:
Found no calls to: ‘R_registerRoutines’, ‘R_useDynamicSymbols’
It is good practice to register native routines and to disable symbol
search.
See ‘Writing portable packages’ in the ‘Writing R Extensions’ manual.
Flavors: r-devel-linux-x86_64-fedora-clang, r-devel-linux-x86_64-fedora-gcc