Last updated on 2025-05-16 06:49:38 CEST.
Flavor | Version | Tinstall | Tcheck | Ttotal | Status | Flags |
---|---|---|---|---|---|---|
r-devel-linux-x86_64-debian-clang | 0.2.0 | 6.34 | 54.57 | 60.91 | NOTE | |
r-devel-linux-x86_64-debian-gcc | 0.2.0 | 4.54 | 38.81 | 43.35 | NOTE | |
r-devel-linux-x86_64-fedora-clang | 0.2.0 | 97.63 | OK | |||
r-devel-linux-x86_64-fedora-gcc | 0.2.0 | 98.65 | OK | |||
r-devel-windows-x86_64 | 0.2.0 | 9.00 | 67.00 | 76.00 | OK | |
r-patched-linux-x86_64 | 0.2.0 | 6.46 | 51.22 | 57.68 | OK | |
r-release-linux-x86_64 | 0.2.0 | 6.19 | 51.35 | 57.54 | OK | |
r-release-macos-arm64 | 0.2.0 | 48.00 | OK | |||
r-release-macos-x86_64 | 0.2.0 | 92.00 | OK | |||
r-release-windows-x86_64 | 0.2.0 | 10.00 | 70.00 | 80.00 | OK | |
r-oldrel-macos-arm64 | 0.2.0 | 28.00 | NOTE | |||
r-oldrel-macos-x86_64 | 0.2.0 | 45.00 | NOTE | |||
r-oldrel-windows-x86_64 | 0.2.0 | 10.00 | 83.00 | 93.00 | NOTE |
Version: 0.2.0
Check: CRAN incoming feasibility
Result: NOTE
Maintainer: ‘Markus Boenn <markus.boenn.sf@gmail.com>’
No Authors@R field in DESCRIPTION.
Please add one, modifying
Authors@R: person(given = "Markus",
family = "Boenn",
role = c("aut", "cre"),
email = "markus.boenn.sf@gmail.com")
as necessary.
Flavors: r-devel-linux-x86_64-debian-clang, r-devel-linux-x86_64-debian-gcc
Version: 0.2.0
Check: package dependencies
Result: NOTE
Packages suggested but not available for checking:
'nCDunnett', 'reliaR', 'STAR'
Flavors: r-oldrel-macos-arm64, r-oldrel-macos-x86_64
Version: 0.2.0
Check: package dependencies
Result: NOTE
Packages suggested but not available for checking: 'reliaR', 'STAR'
Flavor: r-oldrel-windows-x86_64