Last updated on 2025-02-10 17:49:10 CET.
Flavor | Version | Tinstall | Tcheck | Ttotal | Status | Flags |
---|---|---|---|---|---|---|
r-devel-linux-x86_64-debian-clang | 0.1.0 | 2.58 | 34.48 | 37.06 | NOTE | |
r-devel-linux-x86_64-debian-gcc | 0.1.0 | 2.27 | 26.91 | 29.18 | NOTE | |
r-devel-linux-x86_64-fedora-clang | 0.1.0 | 59.28 | NOTE | |||
r-devel-linux-x86_64-fedora-gcc | 0.1.0 | 58.52 | NOTE | |||
r-devel-windows-x86_64 | 0.1.0 | 5.00 | 63.00 | 68.00 | NOTE | |
r-patched-linux-x86_64 | 0.1.0 | 3.50 | 32.16 | 35.66 | OK | |
r-release-linux-x86_64 | 0.1.0 | 3.10 | 31.99 | 35.09 | OK | |
r-release-macos-arm64 | 0.1.0 | 27.00 | OK | |||
r-release-macos-x86_64 | 0.1.0 | 59.00 | OK | |||
r-release-windows-x86_64 | 0.1.0 | 7.00 | 64.00 | 71.00 | OK | |
r-oldrel-macos-arm64 | 0.1.0 | 26.00 | OK | |||
r-oldrel-macos-x86_64 | 0.1.0 | 59.00 | OK | |||
r-oldrel-windows-x86_64 | 0.1.0 | 5.00 | 69.00 | 74.00 | OK |
Version: 0.1.0
Check: DESCRIPTION meta-information
Result: NOTE
Missing dependency on R >= 4.1.0 because package code uses the pipe
|> or function shorthand \(...) syntax added in R 4.1.0.
File(s) using such syntax:
‘cross.R’ ‘fft.R’ ‘frequency.R’ ‘get.R’ ‘internal.R’ ‘plot.R’
‘repr.R’
Flavors: r-devel-linux-x86_64-debian-clang, r-devel-linux-x86_64-debian-gcc, r-devel-linux-x86_64-fedora-clang, r-devel-linux-x86_64-fedora-gcc, r-devel-windows-x86_64