Last updated on 2025-07-01 06:49:53 CEST.
Flavor | Version | Tinstall | Tcheck | Ttotal | Status | Flags |
---|---|---|---|---|---|---|
r-devel-linux-x86_64-debian-clang | 1.0.0 | 10.47 | 99.42 | 109.89 | OK | |
r-devel-linux-x86_64-debian-gcc | 1.0.0 | 6.65 | 73.03 | 79.68 | OK | |
r-devel-linux-x86_64-fedora-clang | 1.0.0 | 167.92 | OK | |||
r-devel-linux-x86_64-fedora-gcc | 1.0.0 | 177.50 | OK | |||
r-devel-windows-x86_64 | 1.0.0 | 11.00 | 105.00 | 116.00 | OK | |
r-patched-linux-x86_64 | OK | |||||
r-release-linux-x86_64 | 1.0.0 | 9.58 | 95.28 | 104.86 | OK | |
r-release-macos-arm64 | 1.0.0 | 65.00 | OK | |||
r-release-macos-x86_64 | 1.0.0 | 181.00 | NOTE | |||
r-release-windows-x86_64 | 1.0.0 | 10.00 | 102.00 | 112.00 | OK | |
r-oldrel-macos-arm64 | 1.0.0 | 57.00 | OK | |||
r-oldrel-macos-x86_64 | 1.0.0 | 147.00 | OK | |||
r-oldrel-windows-x86_64 | 1.0.0 | 14.00 | 134.00 | 148.00 | OK |
Version: 1.0.0
Check: Rd metadata
Result: NOTE
Fatal error: cannot create 'R_TempDir'
Flavor: r-release-macos-x86_64