CRAN Package Check Results for Package feltr

Last updated on 2025-11-26 05:51:36 CET.

Flavor Version Tinstall Tcheck Ttotal Status Flags
r-devel-linux-x86_64-debian-clang 0.0.4 0.33 2.94 3.27 ERROR
r-devel-linux-x86_64-debian-gcc 0.0.4 0.27 2.47 2.74 ERROR
r-devel-linux-x86_64-fedora-clang 0.0.4 2.51 ERROR
r-devel-linux-x86_64-fedora-gcc 0.0.4 2.54 ERROR
r-devel-windows-x86_64 0.0.4 7.00 46.00 53.00 NOTE
r-patched-linux-x86_64 0.0.4 2.38 23.28 25.66 NOTE
r-release-linux-x86_64 0.0.4 1.80 23.62 25.42 NOTE
r-release-macos-arm64 0.0.4 NOTE
r-release-macos-x86_64 0.0.4 2.00 27.00 29.00 NOTE
r-release-windows-x86_64 0.0.4 5.00 43.00 48.00 NOTE
r-oldrel-macos-arm64 0.0.4 OK
r-oldrel-macos-x86_64 0.0.4 2.00 25.00 27.00 OK
r-oldrel-windows-x86_64 0.0.4 5.00 51.00 56.00 OK

Check Details

Version: 0.0.4
Check: package dependencies
Result: ERROR Package required but not available: ‘geojsonsf’ See section ‘The DESCRIPTION file’ in the ‘Writing R Extensions’ manual. Flavors: r-devel-linux-x86_64-debian-clang, r-devel-linux-x86_64-debian-gcc, r-devel-linux-x86_64-fedora-clang, r-devel-linux-x86_64-fedora-gcc

Version: 0.0.4
Check: DESCRIPTION meta-information
Result: NOTE Missing dependency on R >= 4.1.0 because package code uses the pipe |> or function shorthand \(...) syntax added in R 4.1.0. File(s) using such syntax: 'add.R' 'comments.R' 'create.R' 'delete.R' 'finish_upload.R' 'map.R' 'map_elements.R' 'proc.R' 'style.R' 'user.R' Flavors: r-devel-windows-x86_64, r-patched-linux-x86_64, r-release-linux-x86_64, r-release-macos-arm64, r-release-macos-x86_64, r-release-windows-x86_64