Last updated on 2025-02-05 17:49:56 CET.
Flavor | Version | Tinstall | Tcheck | Ttotal | Status | Flags |
---|---|---|---|---|---|---|
r-devel-linux-x86_64-debian-clang | 0.0.4 | 1.86 | 22.61 | 24.47 | NOTE | |
r-devel-linux-x86_64-debian-gcc | 0.0.4 | 1.70 | 18.14 | 19.84 | NOTE | |
r-devel-linux-x86_64-fedora-clang | 0.0.4 | 41.06 | NOTE | |||
r-devel-linux-x86_64-fedora-gcc | 0.0.4 | 37.42 | NOTE | |||
r-devel-windows-x86_64 | 0.0.4 | 4.00 | 46.00 | 50.00 | NOTE | |
r-patched-linux-x86_64 | 0.0.4 | 2.28 | 21.57 | 23.85 | OK | |
r-release-linux-x86_64 | 0.0.4 | 2.19 | 21.70 | 23.89 | OK | |
r-release-macos-arm64 | 0.0.4 | 19.00 | OK | |||
r-release-macos-x86_64 | 0.0.4 | 27.00 | OK | |||
r-release-windows-x86_64 | 0.0.4 | 5.00 | 46.00 | 51.00 | OK | |
r-oldrel-macos-arm64 | 0.0.4 | 18.00 | OK | |||
r-oldrel-macos-x86_64 | 0.0.4 | 35.00 | OK | |||
r-oldrel-windows-x86_64 | 0.0.4 | 5.00 | 49.00 | 54.00 | OK |
Version: 0.0.4
Check: DESCRIPTION meta-information
Result: NOTE
Missing dependency on R >= 4.1.0 because package code uses the pipe
|> or function shorthand \(...) syntax added in R 4.1.0.
File(s) using such syntax:
‘add.R’ ‘comments.R’ ‘create.R’ ‘delete.R’ ‘finish_upload.R’ ‘map.R’
‘map_elements.R’ ‘proc.R’ ‘style.R’ ‘user.R’
Flavors: r-devel-linux-x86_64-debian-clang, r-devel-linux-x86_64-debian-gcc, r-devel-linux-x86_64-fedora-clang, r-devel-linux-x86_64-fedora-gcc, r-devel-windows-x86_64