Last updated on 2025-11-26 05:51:36 CET.
| Flavor | Version | Tinstall | Tcheck | Ttotal | Status | Flags |
|---|---|---|---|---|---|---|
| r-devel-linux-x86_64-debian-clang | 1.0.0 | 5.01 | 40.16 | 45.17 | OK | |
| r-devel-linux-x86_64-debian-gcc | 1.0.0 | 3.14 | 29.45 | 32.59 | OK | |
| r-devel-linux-x86_64-fedora-clang | 1.0.0 | 12.00 | 56.92 | 68.92 | OK | |
| r-devel-linux-x86_64-fedora-gcc | 1.0.0 | 13.00 | 52.24 | 65.24 | OK | |
| r-devel-windows-x86_64 | 1.0.0 | 7.00 | 61.00 | 68.00 | OK | |
| r-patched-linux-x86_64 | 1.0.0 | 5.51 | 36.90 | 42.41 | OK | |
| r-release-linux-x86_64 | 1.0.0 | 5.06 | 37.01 | 42.07 | OK | |
| r-release-macos-arm64 | 1.0.0 | OK | ||||
| r-release-macos-x86_64 | 1.0.0 | 4.00 | 35.00 | 39.00 | OK | |
| r-release-windows-x86_64 | 1.0.0 | 6.00 | 76.00 | 82.00 | OK | |
| r-oldrel-macos-arm64 | 1.0.0 | NOTE | ||||
| r-oldrel-macos-x86_64 | 1.0.0 | 3.00 | 29.00 | 32.00 | NOTE | |
| r-oldrel-windows-x86_64 | 1.0.0 | 8.00 | 71.00 | 79.00 | NOTE |
Version: 1.0.0
Check: LazyData
Result: NOTE
'LazyData' is specified without a 'data' directory
Flavors: r-oldrel-macos-arm64, r-oldrel-macos-x86_64, r-oldrel-windows-x86_64