Last updated on 2025-11-04 06:49:37 CET.
| Flavor | Version | Tinstall | Tcheck | Ttotal | Status | Flags | 
|---|---|---|---|---|---|---|
| r-devel-linux-x86_64-debian-clang | 0.1-108 | 61.58 | 189.66 | 251.24 | OK | |
| r-devel-linux-x86_64-debian-gcc | 0.1-108 | 44.55 | 120.34 | 164.89 | OK | |
| r-devel-linux-x86_64-fedora-clang | 0.1-108 | 137.00 | 286.53 | 423.53 | OK | |
| r-devel-linux-x86_64-fedora-gcc | 0.1-108 | 104.00 | 319.70 | 423.70 | OK | |
| r-devel-windows-x86_64 | 0.1-108 | 75.00 | 200.00 | 275.00 | OK | |
| r-patched-linux-x86_64 | 0.1-108 | 63.22 | 182.62 | 245.84 | OK | |
| r-release-linux-x86_64 | 0.1-108 | 58.94 | 180.28 | 239.22 | OK | |
| r-release-macos-arm64 | 0.1-108 | 36.00 | 93.00 | 129.00 | OK | |
| r-release-macos-x86_64 | 0.1-108 | 65.00 | 194.00 | 259.00 | OK | |
| r-release-windows-x86_64 | 0.1-108 | 72.00 | 198.00 | 270.00 | OK | |
| r-oldrel-macos-arm64 | 0.1-108 | 33.00 | 76.00 | 109.00 | NOTE | |
| r-oldrel-macos-x86_64 | 0.1-108 | 53.00 | 219.00 | 272.00 | NOTE | |
| r-oldrel-windows-x86_64 | 0.1-108 | 94.00 | 265.00 | 359.00 | NOTE | 
Version: 0.1-108
Check: installed package size
Result: NOTE
    installed size is  8.4Mb
    sub-directories of 1Mb or more:
      data   4.5Mb
      doc    1.0Mb
      libs   2.8Mb
Flavors: r-oldrel-macos-arm64, r-oldrel-macos-x86_64, r-oldrel-windows-x86_64
Version: 0.1-108
Check: for GNU extensions in Makefiles
Result: NOTE
  GNU make is a SystemRequirements.
Flavors: r-oldrel-macos-arm64, r-oldrel-macos-x86_64, r-oldrel-windows-x86_64