Last updated on 2025-11-26 05:51:35 CET.
| Flavor | Version | Tinstall | Tcheck | Ttotal | Status | Flags |
|---|---|---|---|---|---|---|
| r-devel-linux-x86_64-debian-clang | 0.2.0 | 6.58 | 67.42 | 74.00 | NOTE | |
| r-devel-linux-x86_64-debian-gcc | 0.2.0 | 4.98 | 50.60 | 55.58 | NOTE | |
| r-devel-linux-x86_64-fedora-clang | 0.2.0 | 13.00 | 99.12 | 112.12 | NOTE | |
| r-devel-linux-x86_64-fedora-gcc | 0.2.0 | 13.00 | 108.92 | 121.92 | NOTE | |
| r-devel-windows-x86_64 | 0.2.0 | 9.00 | 87.00 | 96.00 | NOTE | |
| r-patched-linux-x86_64 | 0.2.0 | 7.19 | 63.85 | 71.04 | NOTE | |
| r-release-linux-x86_64 | 0.2.0 | 5.87 | 63.91 | 69.78 | NOTE | |
| r-release-macos-arm64 | 0.2.0 | NOTE | ||||
| r-release-macos-x86_64 | 0.2.0 | 9.00 | 99.00 | 108.00 | NOTE | |
| r-release-windows-x86_64 | 0.2.0 | 7.00 | 96.00 | 103.00 | NOTE | |
| r-oldrel-macos-arm64 | 0.2.0 | NOTE | ||||
| r-oldrel-macos-x86_64 | 0.2.0 | 5.00 | 53.00 | 58.00 | NOTE | |
| r-oldrel-windows-x86_64 | 0.2.0 | 11.00 | 102.00 | 113.00 | NOTE |
Version: 0.2.0
Check: CRAN incoming feasibility
Result: NOTE
Maintainer: ‘Eric Leifer <Eric.Leifer@gmail.com>’
No Authors@R field in DESCRIPTION.
Please add one, modifying
Authors@R: c(person(given = "Eric",
family = "Leifer",
role = c("aut", "cre"),
email = "eric.leifer@gmail.com"),
person(given = "James",
family = "Troendle",
role = "aut"))
as necessary.
Flavors: r-devel-linux-x86_64-debian-clang, r-devel-linux-x86_64-debian-gcc
Version: 0.2.0
Check: package subdirectories
Result: NOTE
Problems with news in ‘NEWS.md’:
Cannot extract version info from the following section titles:
minor changes
Flavors: r-devel-linux-x86_64-debian-clang, r-devel-linux-x86_64-debian-gcc, r-devel-linux-x86_64-fedora-clang, r-devel-linux-x86_64-fedora-gcc, r-devel-windows-x86_64, r-patched-linux-x86_64, r-release-linux-x86_64, r-release-macos-arm64, r-release-macos-x86_64, r-release-windows-x86_64, r-oldrel-macos-arm64, r-oldrel-macos-x86_64, r-oldrel-windows-x86_64