Last updated on 2025-11-04 06:49:38 CET.
| Flavor | Version | Tinstall | Tcheck | Ttotal | Status | Flags | 
|---|---|---|---|---|---|---|
| r-devel-linux-x86_64-debian-clang | 1.0.2 | 190.56 | 457.91 | 648.47 | OK | |
| r-devel-linux-x86_64-debian-gcc | 1.0.2 | 110.75 | 376.93 | 487.68 | OK | |
| r-devel-linux-x86_64-fedora-clang | 1.0.2 | 339.00 | 569.07 | 908.07 | OK | |
| r-devel-linux-x86_64-fedora-gcc | 1.0.2 | 278.00 | 620.03 | 898.03 | OK | |
| r-devel-windows-x86_64 | 1.0.2 | 208.00 | 297.00 | 505.00 | OK | |
| r-patched-linux-x86_64 | 1.0.2 | 175.96 | 487.25 | 663.21 | OK | |
| r-release-linux-x86_64 | 1.0.2 | 175.20 | 478.24 | 653.44 | OK | |
| r-release-macos-arm64 | 1.0.2 | 66.00 | 98.00 | 164.00 | OK | |
| r-release-macos-x86_64 | 1.0.2 | 79.00 | 233.00 | 312.00 | OK | |
| r-release-windows-x86_64 | 1.0.2 | 197.00 | 287.00 | 484.00 | OK | |
| r-oldrel-macos-arm64 | 1.0.2 | 65.00 | 102.00 | 167.00 | NOTE | |
| r-oldrel-macos-x86_64 | 1.0.2 | 76.00 | 226.00 | 302.00 | NOTE | |
| r-oldrel-windows-x86_64 | 1.0.2 | 248.00 | 363.00 | 611.00 | OK | 
Version: 1.0.2
Check: installed package size
Result: NOTE
    installed size is 10.2Mb
    sub-directories of 1Mb or more:
      libs   8.6Mb
Flavors: r-oldrel-macos-arm64, r-oldrel-macos-x86_64