Last updated on 2025-11-04 06:49:37 CET.
| Flavor | Version | Tinstall | Tcheck | Ttotal | Status | Flags | 
|---|---|---|---|---|---|---|
| r-devel-linux-x86_64-debian-clang | 0.2.2 | 10.66 | 403.22 | 413.88 | OK | |
| r-devel-linux-x86_64-debian-gcc | 0.2.2 | 6.64 | 270.04 | 276.68 | OK | |
| r-devel-linux-x86_64-fedora-clang | 0.2.2 | 21.00 | 630.42 | 651.42 | NOTE | |
| r-devel-linux-x86_64-fedora-gcc | 0.2.2 | 21.00 | 612.84 | 633.84 | NOTE | |
| r-devel-windows-x86_64 | 0.2.2 | 11.00 | 332.00 | 343.00 | OK | |
| r-patched-linux-x86_64 | 0.2.2 | 10.67 | 383.38 | 394.05 | OK | |
| r-release-linux-x86_64 | 0.2.2 | 10.24 | 385.72 | 395.96 | OK | |
| r-release-macos-arm64 | 0.2.2 | 4.00 | 173.00 | 177.00 | OK | |
| r-release-macos-x86_64 | 0.2.2 | 8.00 | 333.00 | 341.00 | OK | |
| r-release-windows-x86_64 | 0.2.2 | 12.00 | 337.00 | 349.00 | OK | |
| r-oldrel-macos-arm64 | 0.2.2 | 4.00 | 170.00 | 174.00 | OK | |
| r-oldrel-macos-x86_64 | 0.2.2 | 6.00 | 342.00 | 348.00 | OK | |
| r-oldrel-windows-x86_64 | 0.2.2 | 15.00 | 484.00 | 499.00 | NOTE | 
Version: 0.2.2
Check: dependencies in R code
Result: NOTE
  Namespace in Imports field not imported from: ‘rlang’
    All declared Imports should be used.
Flavors: r-devel-linux-x86_64-fedora-clang, r-devel-linux-x86_64-fedora-gcc
Version: 0.2.2
Check: package dependencies
Result: NOTE
  Package suggested but not available for checking: 'doMC'
Flavor: r-oldrel-windows-x86_64