Last updated on 2025-02-05 17:49:55 CET.
Flavor | Version | Tinstall | Tcheck | Ttotal | Status | Flags |
---|---|---|---|---|---|---|
r-devel-linux-x86_64-debian-clang | 0.3.0 | 8.34 | 71.78 | 80.12 | NOTE | |
r-devel-linux-x86_64-debian-gcc | 0.3.0 | 6.31 | 49.97 | 56.28 | NOTE | |
r-devel-linux-x86_64-fedora-clang | 0.3.0 | 127.46 | OK | |||
r-devel-linux-x86_64-fedora-gcc | 0.3.0 | 116.70 | OK | |||
r-devel-windows-x86_64 | 0.3.0 | 9.00 | 80.00 | 89.00 | NOTE | |
r-patched-linux-x86_64 | 0.3.0 | 15.45 | 65.68 | 81.13 | OK | |
r-release-linux-x86_64 | 0.3.0 | 6.09 | 65.25 | 71.34 | OK | |
r-release-macos-arm64 | 0.3.0 | 38.00 | OK | |||
r-release-macos-x86_64 | 0.3.0 | 60.00 | OK | |||
r-release-windows-x86_64 | 0.3.0 | 9.00 | 82.00 | 91.00 | OK | |
r-oldrel-macos-arm64 | 0.3.0 | 39.00 | OK | |||
r-oldrel-macos-x86_64 | 0.3.0 | 56.00 | OK | |||
r-oldrel-windows-x86_64 | 0.3.0 | 11.00 | 99.00 | 110.00 | OK |
Version: 0.3.0
Check: Rd cross-references
Result: NOTE
Found the following Rd file(s) with Rd \link{} targets missing package
anchors:
graph2office.Rd: emf
table2office.Rd: tidy
table2spreadsheet.Rd: tidy
table2tex.Rd: tidy
Please provide package anchors for all Rd \link{} targets not in the
package itself and the base packages.
Flavors: r-devel-linux-x86_64-debian-clang, r-devel-linux-x86_64-debian-gcc, r-devel-windows-x86_64