Last updated on 2025-02-05 17:49:55 CET.
Flavor | Version | Tinstall | Tcheck | Ttotal | Status | Flags |
---|---|---|---|---|---|---|
r-devel-linux-x86_64-debian-clang | 0.4.8 | 3.05 | 32.33 | 35.38 | NOTE | |
r-devel-linux-x86_64-debian-gcc | 0.4.8 | 2.18 | 25.49 | 27.67 | NOTE | |
r-devel-linux-x86_64-fedora-clang | 0.4.8 | 58.91 | NOTE | |||
r-devel-linux-x86_64-fedora-gcc | 0.4.8 | 69.44 | NOTE | |||
r-devel-windows-x86_64 | 0.4.8 | 5.00 | 60.00 | 65.00 | NOTE | |
r-patched-linux-x86_64 | 0.4.8 | 2.88 | 30.83 | 33.71 | OK | |
r-release-linux-x86_64 | 0.4.8 | 3.00 | 30.83 | 33.83 | OK | |
r-release-macos-arm64 | 0.4.8 | 36.00 | OK | |||
r-release-macos-x86_64 | 0.4.8 | 61.00 | OK | |||
r-release-windows-x86_64 | 0.4.8 | 6.00 | 60.00 | 66.00 | OK | |
r-oldrel-macos-arm64 | 0.4.8 | 50.00 | OK | |||
r-oldrel-macos-x86_64 | 0.4.8 | 64.00 | OK | |||
r-oldrel-windows-x86_64 | 0.4.8 | 7.00 | 62.00 | 69.00 | OK |
Version: 0.4.8
Check: DESCRIPTION meta-information
Result: NOTE
Missing dependency on R >= 4.1.0 because package code uses the pipe
|> or function shorthand \(...) syntax added in R 4.1.0.
File(s) using such syntax:
‘elx_run_query.R’
Flavors: r-devel-linux-x86_64-debian-clang, r-devel-linux-x86_64-debian-gcc, r-devel-linux-x86_64-fedora-clang, r-devel-linux-x86_64-fedora-gcc, r-devel-windows-x86_64