Last updated on 2025-05-15 18:50:46 CEST.
Flavor | Version | Tinstall | Tcheck | Ttotal | Status | Flags |
---|---|---|---|---|---|---|
r-devel-linux-x86_64-debian-clang | 0.0.1 | 4.11 | 40.26 | 44.37 | NOTE | |
r-devel-linux-x86_64-debian-gcc | 0.1.0 | 3.48 | 33.90 | 37.38 | OK | |
r-devel-linux-x86_64-fedora-clang | 0.1.0 | 87.51 | OK | |||
r-devel-linux-x86_64-fedora-gcc | 0.1.0 | 84.69 | OK | |||
r-devel-windows-x86_64 | 0.1.0 | 10.00 | 67.00 | 77.00 | OK | |
r-patched-linux-x86_64 | 0.0.1 | 4.92 | 37.67 | 42.59 | NOTE | |
r-release-linux-x86_64 | 0.0.1 | 3.88 | 36.84 | 40.72 | NOTE | |
r-release-macos-arm64 | 0.1.0 | 26.00 | OK | |||
r-release-macos-x86_64 | 0.1.0 | 42.00 | OK | |||
r-release-windows-x86_64 | 0.1.0 | 9.00 | 71.00 | 80.00 | OK | |
r-oldrel-macos-arm64 | 0.1.0 | 30.00 | OK | |||
r-oldrel-macos-x86_64 | 0.1.0 | 50.00 | OK | |||
r-oldrel-windows-x86_64 | 0.0.1 | 7.00 | 73.00 | 80.00 | OK |
Version: 0.0.1
Check: Rd cross-references
Result: NOTE
Found the following Rd file(s) with Rd \link{} targets missing package
anchors:
W_sampler.Rd: R6Class
beta_sampler.Rd: R6Class
rho_sampler.Rd: R6Class
sigma_sampler.Rd: R6Class
Please provide package anchors for all Rd \link{} targets not in the
package itself and the base packages.
Flavors: r-devel-linux-x86_64-debian-clang, r-patched-linux-x86_64, r-release-linux-x86_64