CRAN Package Check Results for Package esmisc

Last updated on 2025-06-30 18:49:40 CEST.

Flavor Version Tinstall Tcheck Ttotal Status Flags
r-devel-linux-x86_64-debian-clang 0.0.3 28.30 262.35 290.65 OK
r-devel-linux-x86_64-debian-gcc 0.0.3 19.39 171.45 190.84 OK
r-devel-linux-x86_64-fedora-clang 0.0.3 454.20 OK
r-devel-linux-x86_64-fedora-gcc 0.0.3 437.04 OK
r-devel-windows-x86_64 0.0.3 27.00 209.00 236.00 OK
r-patched-linux-x86_64 OK
r-release-linux-x86_64 0.0.3 27.71 251.26 278.97 OK
r-release-macos-arm64 0.0.3 96.00 OK
r-release-macos-x86_64 0.0.3 223.00 OK
r-release-windows-x86_64 0.0.3 26.00 214.00 240.00 OK
r-oldrel-macos-arm64 0.0.3 95.00 NOTE
r-oldrel-macos-x86_64 0.0.3 214.00 NOTE
r-oldrel-windows-x86_64 0.0.3 36.00 282.00 318.00 NOTE

Check Details

Version: 0.0.3
Check: LazyData
Result: NOTE 'LazyData' is specified without a 'data' directory Flavors: r-oldrel-macos-arm64, r-oldrel-macos-x86_64, r-oldrel-windows-x86_64