Last updated on 2024-06-29 06:49:40 CEST.
Flavor | Version | Tinstall | Tcheck | Ttotal | Status | Flags |
---|---|---|---|---|---|---|
r-devel-linux-x86_64-debian-clang | 0.7.1 | 8.17 | 98.43 | 106.60 | OK | |
r-devel-linux-x86_64-debian-gcc | 0.7.1 | 5.85 | 71.88 | 77.73 | OK | |
r-devel-linux-x86_64-fedora-clang | 0.7.1 | 131.38 | OK | |||
r-devel-linux-x86_64-fedora-gcc | 0.7.1 | 143.35 | OK | |||
r-devel-windows-x86_64 | 0.7.1 | 8.00 | 119.00 | 127.00 | OK | |
r-patched-linux-x86_64 | 0.7.1 | 10.07 | 91.68 | 101.75 | OK | |
r-release-linux-x86_64 | 0.7.1 | 5.23 | 90.11 | 95.34 | OK | |
r-release-macos-arm64 | 0.7.1 | 49.00 | OK | |||
r-release-macos-x86_64 | 0.7.1 | 70.00 | OK | |||
r-release-windows-x86_64 | 0.7.1 | 8.00 | 118.00 | 126.00 | OK | |
r-oldrel-macos-arm64 | 0.7.1 | 38.00 | NOTE | |||
r-oldrel-macos-x86_64 | 0.7.1 | 38.00 | NOTE | |||
r-oldrel-windows-x86_64 | 0.7.1 | 10.00 | 136.00 | 146.00 | OK |
Version: 0.7.1
Check: package dependencies
Result: NOTE
Packages suggested but not available for checking: 'xcms', 'MSnbase'
Flavors: r-oldrel-macos-arm64, r-oldrel-macos-x86_64