Last updated on 2025-02-05 17:49:55 CET.
Flavor | Version | Tinstall | Tcheck | Ttotal | Status | Flags |
---|---|---|---|---|---|---|
r-devel-linux-x86_64-debian-clang | 0.2.1 | 1.83 | 18.27 | 20.10 | OK | |
r-devel-linux-x86_64-debian-gcc | 0.2.1 | 1.53 | 15.17 | 16.70 | OK | |
r-devel-linux-x86_64-fedora-clang | 0.2.1 | 32.65 | OK | |||
r-devel-linux-x86_64-fedora-gcc | 0.2.1 | 30.48 | OK | |||
r-devel-windows-x86_64 | 0.2.1 | 4.00 | 40.00 | 44.00 | OK | |
r-patched-linux-x86_64 | 0.2.1 | 1.74 | 17.52 | 19.26 | NOTE | |
r-release-linux-x86_64 | 0.2.1 | 1.57 | 17.26 | 18.83 | NOTE | |
r-release-macos-arm64 | 0.2.1 | 17.00 | NOTE | |||
r-release-macos-x86_64 | 0.2.1 | 27.00 | NOTE | |||
r-release-windows-x86_64 | 0.2.1 | 3.00 | 40.00 | 43.00 | NOTE | |
r-oldrel-macos-arm64 | 0.2.1 | 17.00 | NOTE | |||
r-oldrel-macos-x86_64 | 0.2.1 | 19.00 | NOTE | |||
r-oldrel-windows-x86_64 | 0.2.1 | 5.00 | 41.00 | 46.00 | NOTE |
Version: 0.2.1
Check: LazyData
Result: NOTE
'LazyData' is specified without a 'data' directory
Flavors: r-patched-linux-x86_64, r-release-linux-x86_64, r-release-macos-arm64, r-release-macos-x86_64, r-release-windows-x86_64, r-oldrel-macos-arm64, r-oldrel-macos-x86_64, r-oldrel-windows-x86_64