Last updated on 2025-05-14 18:50:54 CEST.
Flavor | Version | Tinstall | Tcheck | Ttotal | Status | Flags |
---|---|---|---|---|---|---|
r-devel-linux-x86_64-debian-clang | 0.5.5 | 5.94 | 53.26 | 59.20 | OK | |
r-devel-linux-x86_64-debian-gcc | 0.5.5 | 4.36 | 40.26 | 44.62 | OK | |
r-devel-linux-x86_64-fedora-clang | 0.5.5 | 94.04 | OK | |||
r-devel-linux-x86_64-fedora-gcc | 0.5.5 | 109.09 | OK | |||
r-devel-windows-x86_64 | 0.5.5 | 10.00 | 73.00 | 83.00 | OK | |
r-patched-linux-x86_64 | 0.5.5 | 4.84 | 50.84 | 55.68 | OK | |
r-release-linux-x86_64 | 0.5.5 | 5.03 | 51.20 | 56.23 | OK | |
r-release-macos-arm64 | 0.5.5 | 37.00 | OK | |||
r-release-macos-x86_64 | 0.5.5 | 64.00 | OK | |||
r-release-windows-x86_64 | 0.5.5 | 9.00 | 74.00 | 83.00 | OK | |
r-oldrel-macos-arm64 | 0.5.5 | 36.00 | NOTE | |||
r-oldrel-macos-x86_64 | 0.5.5 | 55.00 | NOTE | |||
r-oldrel-windows-x86_64 | 0.5.5 | 10.00 | 85.00 | 95.00 | NOTE |
Version: 0.5.5
Check: installed package size
Result: NOTE
installed size is 7.0Mb
sub-directories of 1Mb or more:
emoji_fonts 6.4Mb
Flavors: r-oldrel-macos-arm64, r-oldrel-macos-x86_64, r-oldrel-windows-x86_64