Last updated on 2024-06-29 06:49:40 CEST.
Flavor | Version | Tinstall | Tcheck | Ttotal | Status | Flags |
---|---|---|---|---|---|---|
r-devel-linux-x86_64-debian-clang | 0.2.3 | 154.87 | 35.79 | 190.66 | OK | |
r-devel-linux-x86_64-debian-gcc | 0.2.3 | 128.44 | 34.60 | 163.04 | OK | |
r-devel-linux-x86_64-fedora-clang | 0.2.3 | 249.05 | OK | |||
r-devel-linux-x86_64-fedora-gcc | 0.2.3 | 368.72 | OK | |||
r-devel-windows-x86_64 | 0.2.3 | 111.00 | 79.00 | 190.00 | OK | |
r-patched-linux-x86_64 | 0.2.3 | 143.91 | 43.65 | 187.56 | OK | |
r-release-linux-x86_64 | 0.2.3 | 155.47 | 44.11 | 199.58 | OK | |
r-release-macos-arm64 | 0.2.3 | 70.00 | NOTE | |||
r-release-macos-x86_64 | 0.2.3 | 102.00 | NOTE | |||
r-release-windows-x86_64 | 0.2.3 | 108.00 | 81.00 | 189.00 | OK | |
r-oldrel-macos-arm64 | 0.2.3 | 95.00 | NOTE | |||
r-oldrel-macos-x86_64 | 0.2.3 | 149.00 | NOTE | |||
r-oldrel-windows-x86_64 | 0.2.3 | 140.00 | 88.00 | 228.00 | OK |
Version: 0.2.3
Check: installed package size
Result: NOTE
installed size is 50.4Mb
sub-directories of 1Mb or more:
libs 49.5Mb
Flavors: r-release-macos-arm64, r-release-macos-x86_64, r-oldrel-macos-arm64, r-oldrel-macos-x86_64