CRAN Package Check Results for Package effectsizescr

Last updated on 2025-11-04 13:50:13 CET.

Flavor Version Tinstall Tcheck Ttotal Status Flags
r-devel-linux-x86_64-debian-clang 0.1.0 1.19 18.88 20.07 NOTE
r-devel-linux-x86_64-debian-gcc 0.1.0 1.41 15.17 16.58 NOTE
r-devel-linux-x86_64-fedora-clang 0.1.0 30.26 OK
r-devel-linux-x86_64-fedora-gcc 0.1.0 28.12 OK
r-devel-windows-x86_64 0.1.0 4.00 38.00 42.00 OK
r-patched-linux-x86_64 0.1.0 1.71 17.60 19.31 OK
r-release-linux-x86_64 0.1.0 1.72 17.54 19.26 OK
r-release-macos-arm64 0.1.0 1.00 14.00 15.00 OK
r-release-macos-x86_64 0.1.0 2.00 20.00 22.00 OK
r-release-windows-x86_64 0.1.0 4.00 37.00 41.00 OK
r-oldrel-macos-arm64 0.1.0 1.00 15.00 16.00 NOTE
r-oldrel-macos-x86_64 0.1.0 2.00 17.00 19.00 NOTE
r-oldrel-windows-x86_64 0.1.0 3.00 41.00 44.00 NOTE

Check Details

Version: 0.1.0
Check: CRAN incoming feasibility
Result: NOTE Maintainer: ‘Isabella Giammusso <isabella.giammusso@unipa.it>’ No Authors@R field in DESCRIPTION. Please add one, modifying Authors@R: person(given = "Isabella", family = "Giammusso", role = c("aut", "cre"), email = "isabella.giammusso@unipa.it") as necessary. Flavors: r-devel-linux-x86_64-debian-clang, r-devel-linux-x86_64-debian-gcc

Version: 0.1.0
Check: LazyData
Result: NOTE 'LazyData' is specified without a 'data' directory Flavors: r-oldrel-macos-arm64, r-oldrel-macos-x86_64, r-oldrel-windows-x86_64