Last updated on 2025-11-25 17:49:48 CET.
| Flavor | Version | Tinstall | Tcheck | Ttotal | Status | Flags |
|---|---|---|---|---|---|---|
| r-devel-linux-x86_64-debian-clang | 0.2.1 | 7.94 | 99.91 | 107.85 | NOTE | |
| r-devel-linux-x86_64-debian-gcc | 0.2.1 | 5.94 | 69.03 | 74.97 | NOTE | |
| r-devel-linux-x86_64-fedora-clang | 0.2.1 | 21.00 | 150.91 | 171.91 | NOTE | |
| r-devel-linux-x86_64-fedora-gcc | 0.2.1 | 20.00 | 160.04 | 180.04 | NOTE | |
| r-devel-windows-x86_64 | 0.2.1 | 14.00 | 103.00 | 117.00 | NOTE | |
| r-patched-linux-x86_64 | 0.2.1 | 7.21 | 92.00 | 99.21 | NOTE | |
| r-release-linux-x86_64 | 0.2.1 | 7.95 | 93.57 | 101.52 | NOTE | |
| r-release-macos-arm64 | 0.2.1 | NOTE | ||||
| r-release-macos-x86_64 | 0.2.1 | 8.00 | 99.00 | 107.00 | NOTE | |
| r-release-windows-x86_64 | 0.2.1 | 11.00 | 101.00 | 112.00 | NOTE | |
| r-oldrel-macos-arm64 | 0.2.1 | OK | ||||
| r-oldrel-macos-x86_64 | 0.2.1 | 5.00 | 73.00 | 78.00 | OK | |
| r-oldrel-windows-x86_64 | 0.2.1 | 13.00 | 130.00 | 143.00 | OK |
Version: 0.2.1
Check: DESCRIPTION meta-information
Result: NOTE
Author field differs from that derived from Authors@R
Author: ‘Josep Pueyo-Ros [aut, cre] (<https://orcid.org/0000-0002-1236-5651>), ICRA - Catalan Institute for Water Research [fnd] (Edicitnet, 776665)’
Authors@R: ‘Josep Pueyo-Ros [aut, cre] (ORCID: <https://orcid.org/0000-0002-1236-5651>), ICRA - Catalan Institute for Water Research [fnd] (project: Edicitnet, grant_agreement: 776665)’
Missing dependency on R >= 4.1.0 because package code uses the pipe
|> or function shorthand \(...) syntax added in R 4.1.0.
File(s) using such syntax:
‘indicator_volunteers.R’
Flavors: r-devel-linux-x86_64-debian-clang, r-devel-linux-x86_64-debian-gcc
Version: 0.2.1
Check: DESCRIPTION meta-information
Result: NOTE
Missing dependency on R >= 4.1.0 because package code uses the pipe
|> or function shorthand \(...) syntax added in R 4.1.0.
File(s) using such syntax:
‘indicator_volunteers.R’
Flavors: r-devel-linux-x86_64-fedora-clang, r-devel-linux-x86_64-fedora-gcc, r-devel-windows-x86_64, r-patched-linux-x86_64, r-release-linux-x86_64, r-release-macos-arm64, r-release-macos-x86_64, r-release-windows-x86_64