Last updated on 2025-11-04 13:50:13 CET.
| Flavor | Version | Tinstall | Tcheck | Ttotal | Status | Flags |
|---|---|---|---|---|---|---|
| r-devel-linux-x86_64-debian-clang | 0.4-7 | 34.81 | 93.68 | 128.49 | OK | |
| r-devel-linux-x86_64-debian-gcc | 0.4-7 | 26.58 | 68.84 | 95.42 | OK | |
| r-devel-linux-x86_64-fedora-clang | 0.4-7 | 75.00 | 126.70 | 201.70 | OK | |
| r-devel-linux-x86_64-fedora-gcc | 0.4-7 | 91.00 | 113.20 | 204.20 | OK | |
| r-devel-windows-x86_64 | 0.4-7 | 45.00 | 119.00 | 164.00 | OK | |
| r-patched-linux-x86_64 | 0.4-7 | 38.65 | 86.76 | 125.41 | OK | |
| r-release-linux-x86_64 | 0.4-7 | 37.90 | 87.03 | 124.93 | OK | |
| r-release-macos-arm64 | 0.4-7 | 26.00 | 46.00 | 72.00 | OK | |
| r-release-macos-x86_64 | 0.4-7 | 52.00 | 63.00 | 115.00 | OK | |
| r-release-windows-x86_64 | 0.4-7 | 40.00 | 117.00 | 157.00 | OK | |
| r-oldrel-macos-arm64 | 0.4-7 | 19.00 | 38.00 | 57.00 | NOTE | |
| r-oldrel-macos-x86_64 | 0.4-7 | 58.00 | 93.00 | 151.00 | NOTE | |
| r-oldrel-windows-x86_64 | 0.4-7 | 48.00 | 146.00 | 194.00 | OK |
Version: 0.4-7
Check: installed package size
Result: NOTE
installed size is 5.6Mb
sub-directories of 1Mb or more:
libs 5.4Mb
Flavors: r-oldrel-macos-arm64, r-oldrel-macos-x86_64