Last updated on 2024-06-15 17:57:31 CEST.
Flavor | Version | Tinstall | Tcheck | Ttotal | Status | Flags |
---|---|---|---|---|---|---|
r-devel-linux-x86_64-debian-clang | 1.2-16 | 17.83 | 66.51 | 84.34 | NOTE | |
r-devel-linux-x86_64-debian-gcc | 1.2-16 | 12.17 | 47.44 | 59.61 | NOTE | |
r-devel-linux-x86_64-fedora-clang | 1.2-16 | 107.14 | NOTE | |||
r-devel-linux-x86_64-fedora-gcc | 1.2-16 | 102.45 | NOTE | |||
r-devel-windows-x86_64 | 1.2-16 | 18.00 | 82.00 | 100.00 | NOTE | |
r-patched-linux-x86_64 | 1.2-16 | 15.30 | 63.65 | 78.95 | NOTE | |
r-release-linux-x86_64 | 1.2-16 | 13.87 | 61.94 | 75.81 | NOTE | |
r-release-macos-arm64 | 1.2-16 | 31.00 | NOTE | |||
r-release-macos-x86_64 | 1.2-16 | 46.00 | NOTE | |||
r-release-windows-x86_64 | 1.2-16 | 20.00 | 82.00 | 102.00 | NOTE | |
r-oldrel-macos-arm64 | 1.2-16 | 34.00 | OK | |||
r-oldrel-macos-x86_64 | 1.2-16 | 85.00 | OK | |||
r-oldrel-windows-x86_64 | 1.2-16 | 18.00 | 91.00 | 109.00 | OK |
Version: 1.2-16
Check: Rd files
Result: NOTE
checkRd: (-1) predict.dynaTree.Rd:107: Lost braces
107 | For \code{coef} a new \R{XXc} field is created so as not to trample
| ^
Flavors: r-devel-linux-x86_64-debian-clang, r-devel-linux-x86_64-debian-gcc, r-devel-linux-x86_64-fedora-clang, r-devel-linux-x86_64-fedora-gcc, r-devel-windows-x86_64, r-patched-linux-x86_64, r-release-linux-x86_64, r-release-macos-arm64, r-release-macos-x86_64, r-release-windows-x86_64