CRAN Package Check Results for Package dydea

Last updated on 2025-11-26 05:51:33 CET.

Flavor Version Tinstall Tcheck Ttotal Status Flags
r-devel-linux-x86_64-debian-clang 0.1.0 2.01 30.57 32.58 OK
r-devel-linux-x86_64-debian-gcc 0.1.0 1.52 23.16 24.68 OK
r-devel-linux-x86_64-fedora-clang 0.1.0 52.07 OK
r-devel-linux-x86_64-fedora-gcc 0.1.0 45.28 OK
r-devel-windows-x86_64 0.1.0 4.00 47.00 51.00 OK
r-patched-linux-x86_64 0.1.0 1.92 28.36 30.28 OK
r-release-linux-x86_64 0.1.0 1.79 27.70 29.49 OK
r-release-macos-arm64 0.1.0 OK
r-release-macos-x86_64 0.1.0 2.00 33.00 35.00 OK
r-release-windows-x86_64 0.1.0 3.00 61.00 64.00 OK
r-oldrel-macos-arm64 0.1.0 NOTE
r-oldrel-macos-x86_64 0.1.0 2.00 26.00 28.00 NOTE
r-oldrel-windows-x86_64 0.1.0 3.00 55.00 58.00 NOTE

Check Details

Version: 0.1.0
Check: LazyData
Result: NOTE 'LazyData' is specified without a 'data' directory Flavors: r-oldrel-macos-arm64, r-oldrel-macos-x86_64, r-oldrel-windows-x86_64