CRAN Package Check Results for Package dumbbell

Last updated on 2025-05-15 18:50:46 CEST.

Flavor Version Tinstall Tcheck Ttotal Status Flags
r-devel-linux-x86_64-debian-clang 0.1 6.20 68.39 74.59 NOTE
r-devel-linux-x86_64-debian-gcc 0.1 4.21 49.34 53.55 NOTE
r-devel-linux-x86_64-fedora-clang 0.1 116.46 OK
r-devel-linux-x86_64-fedora-gcc 0.1 124.44 OK
r-devel-windows-x86_64 0.1 9.00 77.00 86.00 OK
r-patched-linux-x86_64 0.1 6.42 63.96 70.38 OK
r-release-linux-x86_64 0.1 6.03 63.32 69.35 OK
r-release-macos-arm64 0.1 40.00 OK
r-release-macos-x86_64 0.1 66.00 OK
r-release-windows-x86_64 0.1 8.00 78.00 86.00 OK
r-oldrel-macos-arm64 0.1 37.00 NOTE
r-oldrel-macos-x86_64 0.1 54.00 NOTE
r-oldrel-windows-x86_64 0.1 10.00 95.00 105.00 NOTE

Check Details

Version: 0.1
Check: CRAN incoming feasibility
Result: NOTE Maintainer: ‘Foo Cheung <foocheung@yahoo.com>’ No Authors@R field in DESCRIPTION. Please add one, modifying Authors@R: person(given = "Foo", family = "Cheung", role = c("aut", "cre"), email = "foocheung@yahoo.com") as necessary. Flavors: r-devel-linux-x86_64-debian-clang, r-devel-linux-x86_64-debian-gcc

Version: 0.1
Check: LazyData
Result: NOTE 'LazyData' is specified without a 'data' directory Flavors: r-oldrel-macos-arm64, r-oldrel-macos-x86_64, r-oldrel-windows-x86_64