CRAN Package Check Results for Package dub

Last updated on 2025-11-26 05:51:33 CET.

Flavor Version Tinstall Tcheck Ttotal Status Flags
r-devel-linux-x86_64-debian-clang 0.2.0 1.51 20.18 21.69 OK
r-devel-linux-x86_64-debian-gcc 0.2.0 1.38 16.94 18.32 OK
r-devel-linux-x86_64-fedora-clang 0.2.0 32.41 OK
r-devel-linux-x86_64-fedora-gcc 0.2.0 30.55 OK
r-devel-windows-x86_64 0.2.0 3.00 38.00 41.00 OK
r-patched-linux-x86_64 0.2.0 1.71 18.65 20.36 OK
r-release-linux-x86_64 0.2.0 1.66 18.97 20.63 OK
r-release-macos-arm64 0.2.0 OK
r-release-macos-x86_64 0.2.0 2.00 21.00 23.00 OK
r-release-windows-x86_64 0.2.0 3.00 37.00 40.00 OK
r-oldrel-macos-arm64 0.2.0 NOTE
r-oldrel-macos-x86_64 0.2.0 1.00 20.00 21.00 NOTE
r-oldrel-windows-x86_64 0.2.0 2.00 43.00 45.00 NOTE

Check Details

Version: 0.2.0
Check: LazyData
Result: NOTE 'LazyData' is specified without a 'data' directory Flavors: r-oldrel-macos-arm64, r-oldrel-macos-x86_64, r-oldrel-windows-x86_64